CRAN Package Check Results for Package dexter

Last updated on 2020-03-30 20:48:25 CEST.

Flavor Version Tinstall Tcheck Ttotal Status Flags
r-devel-linux-x86_64-debian-clang 1.0.6 107.91 175.78 283.69 OK
r-devel-linux-x86_64-debian-gcc 1.0.6 77.14 119.97 197.11 OK
r-devel-linux-x86_64-fedora-clang 1.0.6 343.34 NOTE
r-devel-linux-x86_64-fedora-gcc 1.0.6 323.00 OK
r-devel-windows-ix86+x86_64 1.0.6 166.00 200.00 366.00 NOTE
r-devel-windows-ix86+x86_64-gcc8 1.0.6 202.00 212.00 414.00 NOTE
r-patched-linux-x86_64 1.0.6 84.60 151.95 236.55 OK
r-patched-solaris-x86 1.0.6 832.10 OK
r-release-linux-x86_64 1.0.6 84.67 141.90 226.57 OK
r-release-windows-ix86+x86_64 1.0.6 264.00 275.00 539.00 NOTE
r-release-osx-x86_64 1.0.6 NOTE
r-oldrel-windows-ix86+x86_64 1.0.6 266.00 248.00 514.00 NOTE
r-oldrel-osx-x86_64 1.0.6 NOTE

Check Details

Version: 1.0.6
Check: installed package size
Result: NOTE
     installed size is 9.1Mb
     sub-directories of 1Mb or more:
     doc 1.1Mb
     libs 7.4Mb
Flavors: r-devel-linux-x86_64-fedora-clang, r-devel-windows-ix86+x86_64, r-devel-windows-ix86+x86_64-gcc8, r-release-windows-ix86+x86_64, r-release-osx-x86_64, r-oldrel-windows-ix86+x86_64, r-oldrel-osx-x86_64