CRAN Package Check Results for Package detzrcr

Last updated on 2021-04-15 09:49:56 CEST.

Flavor Version Tinstall Tcheck Ttotal Status Flags
r-devel-linux-x86_64-debian-clang 0.3.1 4.04 32.68 36.72 NOTE
r-devel-linux-x86_64-debian-gcc 0.3.1 3.20 25.74 28.94 NOTE
r-devel-linux-x86_64-fedora-clang 0.3.1 56.47 NOTE
r-devel-linux-x86_64-fedora-gcc 0.3.1 45.79 NOTE
r-devel-windows-ix86+x86_64 0.3.1 12.00 50.00 62.00 NOTE
r-devel-windows-x86_64-gcc10-UCRT 0.3.1 NOTE
r-patched-linux-x86_64 0.3.1 4.19 31.19 35.38 OK
r-patched-solaris-x86 0.3.1 63.60 NOTE
r-release-linux-x86_64 0.3.1 3.73 31.31 35.04 OK
r-release-macos-x86_64 0.3.1 NOTE
r-release-windows-ix86+x86_64 0.3.1 25.00 54.00 79.00 OK
r-oldrel-macos-x86_64 0.3.1 NOTE
r-oldrel-windows-ix86+x86_64 0.3.1 5.00 33.00 38.00 OK

Check Details

Version: 0.3.1
Check: LazyData
Result: NOTE
     'LazyData' is specified without a 'data' directory
Flavors: r-devel-linux-x86_64-debian-clang, r-devel-linux-x86_64-debian-gcc, r-devel-linux-x86_64-fedora-clang, r-devel-linux-x86_64-fedora-gcc, r-devel-windows-ix86+x86_64, r-devel-windows-x86_64-gcc10-UCRT

Version: 0.3.1
Check: dependencies in R code
Result: NOTE
    Namespaces in Imports field not imported from:
     ‘DT’ ‘utils’
     All declared Imports should be used.
Flavors: r-devel-linux-x86_64-fedora-clang, r-devel-linux-x86_64-fedora-gcc, r-devel-windows-x86_64-gcc10-UCRT, r-patched-solaris-x86, r-release-macos-x86_64, r-oldrel-macos-x86_64