CRAN Package Check Results for Package detrendr

Last updated on 2020-02-21 17:47:44 CET.

Flavor Version Tinstall Tcheck Ttotal Status Flags
r-devel-linux-x86_64-debian-clang 0.6.4 134.75 309.06 443.81 NOTE
r-devel-linux-x86_64-debian-gcc 0.6.4 76.13 215.19 291.32 NOTE
r-devel-linux-x86_64-fedora-clang 0.6.4 504.79 NOTE
r-devel-linux-x86_64-fedora-gcc 0.6.4 492.04 NOTE
r-devel-windows-ix86+x86_64 0.6.4 269.00 582.00 851.00 WARN
r-devel-windows-ix86+x86_64-gcc8 0.6.4 376.00 934.00 1310.00 NOTE
r-patched-linux-x86_64 0.6.4 97.38 267.89 365.27 NOTE
r-patched-solaris-x86 0.6.4 980.00 NOTE
r-release-linux-x86_64 0.6.4 98.32 263.42 361.74 NOTE
r-release-windows-ix86+x86_64 0.6.4 253.00 607.00 860.00 NOTE
r-release-osx-x86_64 0.6.4 NOTE
r-oldrel-windows-ix86+x86_64 0.6.4 247.00 323.00 570.00 NOTE
r-oldrel-osx-x86_64 0.6.4 NOTE

Check Details

Version: 0.6.4
Check: for GNU extensions in Makefiles
Result: NOTE
    GNU make is a SystemRequirements.
Flavors: r-devel-linux-x86_64-debian-clang, r-devel-linux-x86_64-debian-gcc, r-devel-linux-x86_64-fedora-clang, r-devel-linux-x86_64-fedora-gcc, r-devel-windows-ix86+x86_64, r-devel-windows-ix86+x86_64-gcc8, r-patched-linux-x86_64, r-patched-solaris-x86, r-release-linux-x86_64, r-release-windows-ix86+x86_64, r-release-osx-x86_64, r-oldrel-windows-ix86+x86_64, r-oldrel-osx-x86_64

Version: 0.6.4
Check: package dependencies
Result: NOTE
    Imports includes 22 non-default packages.
    Importing from so many packages makes the package vulnerable to any of
    them becoming unavailable. Move as many as possible to Suggests and
    use conditionally.
Flavor: r-devel-linux-x86_64-fedora-clang

Version: 0.6.4
Check: installed package size
Result: NOTE
     installed size is 5.1Mb
     sub-directories of 1Mb or more:
     libs 3.9Mb
Flavor: r-devel-linux-x86_64-fedora-clang

Version: 0.6.4
Check: re-building of vignette outputs
Result: WARN
    Error(s) in re-building vignettes:
    --- re-building 'batch-mode.Rmd' using rmarkdown
    --- finished re-building 'batch-mode.Rmd'
    
    --- re-building 'linescan-data.Rmd' using rmarkdown
    --- finished re-building 'linescan-data.Rmd'
    
    --- re-building 'single-images.Rmd' using rmarkdown
    trying URL 'http://cran.rstudio.com/bin/windows/contrib/4.0/colorspace_1.4-1.zip'
    Content type 'application/zip' length 2545483 bytes (2.4 MB)
    ==================================================
    downloaded 2.4 MB
    
    trying URL 'http://cran.rstudio.com/bin/windows/contrib/4.0/farver_2.0.3.zip'
    Content type 'application/zip' length 1911901 bytes (1.8 MB)
    ==================================================
    downloaded 1.8 MB
    
    trying URL 'http://cran.rstudio.com/bin/windows/contrib/4.0/labeling_0.3.zip'
    Content type 'application/zip' length 62319 bytes (60 KB)
    ==================================================
    downloaded 60 KB
    
    trying URL 'http://cran.rstudio.com/bin/windows/contrib/4.0/munsell_0.5.0.zip'
    Content type 'application/zip' length 244554 bytes (238 KB)
    ==================================================
    downloaded 238 KB
    
    trying URL 'http://cran.rstudio.com/bin/windows/contrib/4.0/RColorBrewer_1.1-2.zip'
    Content type 'application/zip' length 55604 bytes (54 KB)
    ==================================================
    downloaded 54 KB
    
    trying URL 'http://cran.rstudio.com/bin/windows/contrib/4.0/reshape2_1.4.3.zip'
    Content type 'application/zip' length 625942 bytes (611 KB)
    ==================================================
    downloaded 611 KB
    
    trying URL 'http://cran.rstudio.com/bin/windows/contrib/4.0/scales_1.1.0.zip'
    Content type 'application/zip' length 553275 bytes (540 KB)
    ==================================================
    downloaded 540 KB
    
    trying URL 'http://cran.rstudio.com/bin/windows/contrib/4.0/viridisLite_0.3.0.zip'
    Content type 'application/zip' length 60504 bytes (59 KB)
    ==================================================
    downloaded 59 KB
    
    trying URL 'http://cran.rstudio.com/bin/windows/contrib/4.0/ggplot2_3.2.1.zip'
    Content type 'application/zip' length 3968147 bytes (3.8 MB)
    ===============================================
    downloaded 3.6 MB
    
    Quitting from lines 15-19 (single-images.Rmd)
    Error: processing vignette 'single-images.Rmd' failed with diagnostics:
    cannot open the connection
    --- failed re-building 'single-images.Rmd'
    
    SUMMARY: processing the following file failed:
     'single-images.Rmd'
    
    Error: Vignette re-building failed.
    Execution halted
Flavor: r-devel-windows-ix86+x86_64