CRAN Package Check Results for Package detrendr

Last updated on 2020-07-06 21:50:13 CEST.

Flavor Version Tinstall Tcheck Ttotal Status Flags
r-devel-linux-x86_64-debian-clang 0.6.7 137.12 355.52 492.64 NOTE
r-devel-linux-x86_64-debian-gcc 0.6.7 95.48 244.96 340.44 NOTE
r-devel-linux-x86_64-fedora-clang 0.6.7 611.15 NOTE
r-devel-linux-x86_64-fedora-gcc 0.6.7 564.59 NOTE
r-devel-windows-ix86+x86_64 0.6.7 371.00 524.00 895.00 NOTE
r-patched-linux-x86_64 0.6.7 98.25 335.06 433.31 NOTE
r-patched-solaris-x86 0.6.7 859.40 NOTE
r-release-linux-x86_64 0.6.7 100.67 332.43 433.10 NOTE
r-release-osx-x86_64 0.6.7 NOTE
r-release-windows-ix86+x86_64 0.6.7 350.00 488.00 838.00 NOTE
r-oldrel-osx-x86_64 0.6.7 NOTE
r-oldrel-windows-ix86+x86_64 0.6.7 278.00 404.00 682.00 NOTE

Check Details

Version: 0.6.7
Check: for GNU extensions in Makefiles
Result: NOTE
    GNU make is a SystemRequirements.
Flavors: r-devel-linux-x86_64-debian-clang, r-devel-linux-x86_64-debian-gcc, r-devel-linux-x86_64-fedora-clang, r-devel-linux-x86_64-fedora-gcc, r-devel-windows-ix86+x86_64, r-patched-linux-x86_64, r-patched-solaris-x86, r-release-linux-x86_64, r-release-osx-x86_64, r-release-windows-ix86+x86_64, r-oldrel-osx-x86_64, r-oldrel-windows-ix86+x86_64

Version: 0.6.7
Check: installed package size
Result: NOTE
     installed size is 6.3Mb
     sub-directories of 1Mb or more:
     libs 5.1Mb
Flavor: r-devel-linux-x86_64-fedora-clang