CRAN Package Check Results for Package describedata

Last updated on 2021-04-15 09:49:56 CEST.

Flavor Version Tinstall Tcheck Ttotal Status Flags
r-devel-linux-x86_64-debian-clang 0.1.0 6.04 67.28 73.32 NOTE
r-devel-linux-x86_64-debian-gcc 0.1.0 4.86 51.36 56.22 NOTE
r-devel-linux-x86_64-fedora-clang 0.1.0 97.84 NOTE
r-devel-linux-x86_64-fedora-gcc 0.1.0 86.00 NOTE
r-devel-windows-ix86+x86_64 0.1.0 17.00 86.00 103.00 NOTE
r-devel-windows-x86_64-gcc10-UCRT 0.1.0 NOTE
r-patched-linux-x86_64 0.1.0 7.40 64.41 71.81 OK
r-patched-solaris-x86 0.1.0 121.40 OK
r-release-linux-x86_64 0.1.0 6.66 64.82 71.48 OK
r-release-macos-x86_64 0.1.0 OK
r-release-windows-ix86+x86_64 0.1.0 31.00 90.00 121.00 OK
r-oldrel-macos-x86_64 0.1.0 OK
r-oldrel-windows-ix86+x86_64 0.1.0 8.00 63.00 71.00 OK

Check Details

Version: 0.1.0
Check: LazyData
Result: NOTE
     'LazyData' is specified without a 'data' directory
Flavors: r-devel-linux-x86_64-debian-clang, r-devel-linux-x86_64-debian-gcc, r-devel-linux-x86_64-fedora-clang, r-devel-linux-x86_64-fedora-gcc, r-devel-windows-ix86+x86_64, r-devel-windows-x86_64-gcc10-UCRT