CRAN Package Check Results for Package dendrometeR

Last updated on 2021-06-22 09:51:33 CEST.

Flavor Version Tinstall Tcheck Ttotal Status Flags
r-devel-linux-x86_64-debian-clang 1.0.0 8.51 84.59 93.10 OK
r-devel-linux-x86_64-debian-gcc 1.0.0 5.37 62.50 67.87 OK
r-devel-linux-x86_64-fedora-clang 1.0.0 121.65 OK
r-devel-linux-x86_64-fedora-gcc 1.0.0 109.16 OK
r-devel-windows-x86_64 1.0.0 13.00 122.00 135.00 OK
r-devel-windows-x86_64-gcc10-UCRT 1.0.0 ERROR
r-patched-linux-x86_64 1.0.0 13.35 79.71 93.06 OK
r-patched-solaris-x86 1.0.0 198.30 OK
r-release-linux-x86_64 1.0.0 6.54 79.30 85.84 OK
r-release-macos-arm64 1.0.0 OK
r-release-macos-x86_64 1.0.0 OK
r-release-windows-ix86+x86_64 1.0.0 19.00 129.00 148.00 OK
r-oldrel-macos-x86_64 1.0.0 OK

Check Details

Version: 1.0.0
Check: package dependencies
Result: ERROR
    Package required but not available: 'forecast'
    
    See section 'The DESCRIPTION file' in the 'Writing R Extensions'
    manual.
Flavor: r-devel-windows-x86_64-gcc10-UCRT