CRAN Package Check Results for Package ddpcr

Last updated on 2020-02-27 17:50:53 CET.

Flavor Version Tinstall Tcheck Ttotal Status Flags
r-devel-linux-x86_64-debian-clang 1.12 7.10 121.26 128.36 ERROR
r-devel-linux-x86_64-debian-gcc 1.12 6.23 91.41 97.64 ERROR
r-devel-linux-x86_64-fedora-clang 1.12 151.49 OK
r-devel-linux-x86_64-fedora-gcc 1.12 156.41 OK
r-devel-windows-ix86+x86_64 1.12 15.00 143.00 158.00 OK
r-devel-windows-ix86+x86_64-gcc8 1.12 15.00 143.00 158.00 OK
r-patched-linux-x86_64 1.12 5.41 111.05 116.46 OK
r-patched-solaris-x86 1.12 207.00 NOTE
r-release-linux-x86_64 1.12 6.23 111.23 117.46 OK
r-release-windows-ix86+x86_64 1.12 12.00 144.00 156.00 OK
r-release-osx-x86_64 1.12 OK
r-oldrel-windows-ix86+x86_64 1.12 12.00 122.00 134.00 OK
r-oldrel-osx-x86_64 1.12 OK

Check Details

Version: 1.12
Check: tests
Result: ERROR
     Running 'testthat.R' [15s/17s]
    Running the tests in 'tests/testthat.R' failed.
    Complete output:
     > library(testthat)
     > library(ddpcr)
    
     Attaching package: 'ddpcr'
    
     The following object is masked from 'package:stats':
    
     step
    
     >
     > test_check("ddpcr")
     -- 1. Failure: named_vec_to_df works (@test-utils.R#130) ----------------------
     `actual` not identical to `expected`.
     Component "capital": Modes: character, numeric
     Component "capital": Attributes: < target is NULL, current is list >
     Component "capital": target is character, current is factor
    
     == testthat results ===========================================================
     [ OK: 268 | SKIPPED: 0 | WARNINGS: 0 | FAILED: 1 ]
     1. Failure: named_vec_to_df works (@test-utils.R#130)
    
     Error: testthat unit tests failed
     Execution halted
Flavor: r-devel-linux-x86_64-debian-clang

Version: 1.12
Check: tests
Result: ERROR
     Running ‘testthat.R’ [12s/19s]
    Running the tests in ‘tests/testthat.R’ failed.
    Complete output:
     > library(testthat)
     > library(ddpcr)
    
     Attaching package: 'ddpcr'
    
     The following object is masked from 'package:stats':
    
     step
    
     >
     > test_check("ddpcr")
     ── 1. Failure: named_vec_to_df works (@test-utils.R#130) ──────────────────────
     `actual` not identical to `expected`.
     Component "capital": Modes: character, numeric
     Component "capital": Attributes: < target is NULL, current is list >
     Component "capital": target is character, current is factor
    
     ══ testthat results ═══════════════════════════════════════════════════════════
     [ OK: 268 | SKIPPED: 0 | WARNINGS: 0 | FAILED: 1 ]
     1. Failure: named_vec_to_df works (@test-utils.R#130)
    
     Error: testthat unit tests failed
     Execution halted
Flavor: r-devel-linux-x86_64-debian-gcc

Version: 1.12
Check: installed package size
Result: NOTE
     installed size is 5.7Mb
     sub-directories of 1Mb or more:
     sample_data 3.6Mb
Flavor: r-patched-solaris-x86