CRAN Package Check Results for Package dcminfo

Last updated on 2021-06-22 09:51:32 CEST.

Flavor Version Tinstall Tcheck Ttotal Status Flags
r-devel-linux-x86_64-debian-clang 0.1.7 2.60 31.15 33.75 OK
r-devel-linux-x86_64-debian-gcc 0.1.7 1.95 24.41 26.36 OK
r-devel-linux-x86_64-fedora-clang 0.1.7 50.66 NOTE
r-devel-linux-x86_64-fedora-gcc 0.1.7 39.41 NOTE
r-devel-windows-x86_64 0.1.7 4.00 44.00 48.00 OK
r-devel-windows-x86_64-gcc10-UCRT 0.1.7 NOTE
r-patched-linux-x86_64 0.1.7 2.66 30.62 33.28 OK
r-patched-solaris-x86 0.1.7 65.50 NOTE
r-release-linux-x86_64 0.1.7 1.99 30.10 32.09 OK
r-release-macos-arm64 0.1.7 NOTE
r-release-macos-x86_64 0.1.7 NOTE
r-release-windows-ix86+x86_64 0.1.7 5.00 46.00 51.00 OK
r-oldrel-macos-x86_64 0.1.7 NOTE

Check Details

Version: 0.1.7
Check: dependencies in R code
Result: NOTE
    Namespace in Imports field not imported from: ‘CDM’
     All declared Imports should be used.
Flavors: r-devel-linux-x86_64-fedora-clang, r-devel-linux-x86_64-fedora-gcc, r-devel-windows-x86_64-gcc10-UCRT, r-patched-solaris-x86, r-release-macos-arm64, r-release-macos-x86_64, r-oldrel-macos-x86_64