CRAN Package Check Results for Package datastructures

Last updated on 2021-04-15 09:49:56 CEST.

Flavor Version Tinstall Tcheck Ttotal Status Flags
r-devel-linux-x86_64-debian-clang 0.2.9 176.96 148.34 325.30 OK
r-devel-linux-x86_64-debian-gcc 0.2.9 156.04 112.19 268.23 OK
r-devel-linux-x86_64-fedora-clang 0.2.9 458.08 NOTE
r-devel-linux-x86_64-fedora-gcc 0.2.9 456.19 NOTE
r-devel-windows-ix86+x86_64 0.2.9 406.00 276.00 682.00 NOTE
r-devel-windows-x86_64-gcc10-UCRT 0.2.9 OK
r-patched-linux-x86_64 0.2.9 175.84 144.91 320.75 OK
r-patched-solaris-x86 0.2.9 435.80 OK
r-release-linux-x86_64 0.2.9 181.81 144.42 326.23 OK
r-release-macos-x86_64 0.2.9 NOTE
r-release-windows-ix86+x86_64 0.2.9 336.00 287.00 623.00 NOTE
r-oldrel-macos-x86_64 0.2.9 NOTE
r-oldrel-windows-ix86+x86_64 0.2.9 403.00 185.00 588.00 NOTE

Check Details

Version: 0.2.9
Check: installed package size
Result: NOTE
     installed size is 49.8Mb
     sub-directories of 1Mb or more:
     libs 48.9Mb
Flavors: r-devel-linux-x86_64-fedora-clang, r-devel-windows-ix86+x86_64, r-release-macos-x86_64, r-release-windows-ix86+x86_64, r-oldrel-macos-x86_64, r-oldrel-windows-ix86+x86_64

Version: 0.2.9
Check: top-level files
Result: NOTE
    ‘cleanup’: ‘env bash’ is not portable as bash need not be installed
Flavors: r-devel-linux-x86_64-fedora-clang, r-devel-linux-x86_64-fedora-gcc