CRAN Package Check Results for Package datapasta

Last updated on 2021-06-22 09:51:32 CEST.

Flavor Version Tinstall Tcheck Ttotal Status Flags
r-devel-linux-x86_64-debian-clang 3.1.0 2.51 31.48 33.99 NOTE
r-devel-linux-x86_64-debian-gcc 3.1.0 2.22 24.87 27.09 NOTE
r-devel-linux-x86_64-fedora-clang 3.1.0 51.21 NOTE
r-devel-linux-x86_64-fedora-gcc 3.1.0 41.40 NOTE
r-devel-windows-x86_64 3.1.0 5.00 44.00 49.00 NOTE
r-devel-windows-x86_64-gcc10-UCRT 3.1.0 NOTE
r-patched-linux-x86_64 3.1.0 2.66 30.83 33.49 NOTE
r-patched-solaris-x86 3.1.0 61.30 NOTE
r-release-linux-x86_64 3.1.0 2.96 31.03 33.99 NOTE
r-release-macos-arm64 3.1.0 NOTE
r-release-macos-x86_64 3.1.0 NOTE
r-release-windows-ix86+x86_64 3.1.0 6.00 45.00 51.00 NOTE
r-oldrel-macos-x86_64 3.1.0 OK

Check Details

Version: 3.1.0
Check: LazyData
Result: NOTE
     'LazyData' is specified without a 'data' directory
Flavors: r-devel-linux-x86_64-debian-clang, r-devel-linux-x86_64-debian-gcc, r-devel-linux-x86_64-fedora-clang, r-devel-linux-x86_64-fedora-gcc, r-devel-windows-x86_64, r-devel-windows-x86_64-gcc10-UCRT, r-patched-linux-x86_64, r-patched-solaris-x86, r-release-linux-x86_64, r-release-macos-arm64, r-release-macos-x86_64, r-release-windows-ix86+x86_64

Version: 3.1.0
Check: package dependencies
Result: NOTE
    Package suggested but not available for checking: 'covr'
Flavor: r-devel-windows-x86_64-gcc10-UCRT