CRAN Package Check Results for Package dann

Last updated on 2020-03-30 20:48:25 CEST.

Flavor Version Tinstall Tcheck Ttotal Status Flags
r-devel-linux-x86_64-debian-clang 0.2.0 37.99 156.08 194.07 OK
r-devel-linux-x86_64-debian-gcc 0.2.0 22.67 108.73 131.40 OK
r-devel-linux-x86_64-fedora-clang 0.2.0 227.87 OK
r-devel-linux-x86_64-fedora-gcc 0.2.0 223.20 OK
r-devel-windows-ix86+x86_64 0.2.0 60.00 227.00 287.00 OK
r-devel-windows-ix86+x86_64-gcc8 0.2.0 79.00 241.00 320.00 OK
r-patched-linux-x86_64 0.2.0 28.68 149.66 178.34 OK
r-patched-solaris-x86 0.2.0 290.40 OK
r-release-linux-x86_64 0.2.0 28.06 141.11 169.17 OK
r-release-windows-ix86+x86_64 0.2.0 122.00 307.00 429.00 OK
r-release-osx-x86_64 0.2.0 OK
r-oldrel-windows-ix86+x86_64 0.2.0 111.00 305.00 416.00 OK
r-oldrel-osx-x86_64 0.2.0 ERROR

Check Details

Version: 0.2.0
Check: package dependencies
Result: ERROR
    Package required and available but unsuitable version: ‘stats’
    
    See section ‘The DESCRIPTION file’ in the ‘Writing R Extensions’
    manual.
Flavor: r-oldrel-osx-x86_64