CRAN Package Check Results for Package dams

Last updated on 2021-06-16 09:53:19 CEST.

Flavor Version Tinstall Tcheck Ttotal Status Flags
r-devel-linux-x86_64-debian-clang 0.3.0 8.40 71.40 79.80 OK
r-devel-linux-x86_64-debian-gcc 0.3.0 8.47 54.59 63.06 OK
r-devel-linux-x86_64-fedora-clang 0.3.0 106.44 NOTE
r-devel-linux-x86_64-fedora-gcc 0.3.0 96.05 NOTE
r-devel-windows-x86_64 0.3.0 16.00 92.00 108.00 OK
r-devel-windows-x86_64-gcc10-UCRT 0.3.0 NOTE
r-patched-linux-x86_64 0.3.0 10.70 66.74 77.44 OK
r-patched-solaris-x86 0.3.0 147.30 NOTE
r-release-linux-x86_64 0.3.0 8.30 66.15 74.45 OK
r-release-macos-arm64 0.3.0 NOTE
r-release-macos-x86_64 0.3.0 NOTE
r-release-windows-ix86+x86_64 0.3.0 20.00 90.00 110.00 OK
r-oldrel-macos-x86_64 0.3.0 NOTE
r-oldrel-windows-ix86+x86_64 0.3.0 22.00 92.00 114.00 OK

Check Details

Version: 0.3.0
Check: data for non-ASCII characters
Result: NOTE
     Note: found 5 marked UTF-8 strings
Flavors: r-devel-linux-x86_64-fedora-clang, r-devel-linux-x86_64-fedora-gcc, r-devel-windows-x86_64-gcc10-UCRT, r-patched-solaris-x86, r-release-macos-arm64, r-release-macos-x86_64, r-oldrel-macos-x86_64