CRAN Package Check Results for Package dams

Last updated on 2020-07-06 21:50:13 CEST.

Flavor Version Tinstall Tcheck Ttotal Status Flags
r-devel-linux-x86_64-debian-clang 0.3.0 9.08 62.81 71.89 OK
r-devel-linux-x86_64-debian-gcc 0.3.0 7.85 48.70 56.55 OK
r-devel-linux-x86_64-fedora-clang 0.3.0 94.33 NOTE
r-devel-linux-x86_64-fedora-gcc 0.3.0 84.44 NOTE
r-devel-windows-ix86+x86_64 0.3.0 27.00 107.00 134.00 OK
r-patched-linux-x86_64 0.3.0 8.74 60.59 69.33 OK
r-patched-solaris-x86 0.3.0 134.30 NOTE
r-release-linux-x86_64 0.3.0 9.22 60.15 69.37 OK
r-release-osx-x86_64 0.3.0 NOTE
r-release-windows-ix86+x86_64 0.3.0 19.00 70.00 89.00 OK
r-oldrel-osx-x86_64 0.3.0 NOTE
r-oldrel-windows-ix86+x86_64 0.3.0 23.00 75.00 98.00 OK

Check Details

Version: 0.3.0
Check: data for non-ASCII characters
Result: NOTE
     Note: found 5 marked UTF-8 strings
Flavors: r-devel-linux-x86_64-fedora-clang, r-devel-linux-x86_64-fedora-gcc, r-patched-solaris-x86, r-release-osx-x86_64, r-oldrel-osx-x86_64