CRAN Package Check Results for Package daewr

Last updated on 2020-02-28 22:53:29 CET.

Flavor Version Tinstall Tcheck Ttotal Status Flags
r-devel-linux-x86_64-debian-clang 1.1-8 12.39 65.58 77.97 OK
r-devel-linux-x86_64-debian-gcc 1.1-8 10.55 50.46 61.01 OK
r-devel-linux-x86_64-fedora-clang 1.1-8 92.63 WARN
r-devel-linux-x86_64-fedora-gcc 1.1-8 94.89 OK
r-devel-windows-ix86+x86_64 1.1-8 30.00 121.00 151.00 OK
r-devel-windows-ix86+x86_64-gcc8 1.1-8 21.00 80.00 101.00 OK
r-patched-linux-x86_64 1.1-8 10.79 58.92 69.71 OK
r-patched-solaris-x86 1.1-8 121.40 OK
r-release-linux-x86_64 1.1-8 9.44 59.54 68.98 OK
r-release-windows-ix86+x86_64 1.1-8 18.00 110.00 128.00 OK
r-release-osx-x86_64 1.1-8 OK
r-oldrel-windows-ix86+x86_64 1.1-8 13.00 117.00 130.00 OK
r-oldrel-osx-x86_64 1.1-8 OK

Check Details

Version: 1.1-8
Check: package dependencies
Result: WARN
    Requires orphaned package: ‘BsMD’
Flavor: r-devel-linux-x86_64-fedora-clang