CRAN Package Check Results for Package dMod

Last updated on 2020-03-30 20:48:26 CEST.

Flavor Version Tinstall Tcheck Ttotal Status Flags
r-devel-linux-x86_64-debian-clang 1.0.1 15.13 168.06 183.19 NOTE
r-devel-linux-x86_64-debian-gcc 1.0.1 10.70 123.17 133.87 NOTE
r-devel-linux-x86_64-fedora-clang 1.0.1 203.52 OK
r-devel-linux-x86_64-fedora-gcc 1.0.1 200.33 OK
r-devel-windows-ix86+x86_64 1.0.1 32.00 175.00 207.00 NOTE
r-devel-windows-ix86+x86_64-gcc8 1.0.1 26.00 170.00 196.00 NOTE
r-patched-linux-x86_64 1.0.1 12.93 155.89 168.82 NOTE
r-patched-solaris-x86 1.0.1 256.50 OK
r-release-linux-x86_64 1.0.1 9.83 152.27 162.10 OK
r-release-windows-ix86+x86_64 1.0.1 36.00 260.00 296.00 NOTE
r-release-osx-x86_64 1.0.1 OK
r-oldrel-windows-ix86+x86_64 1.0.1 33.00 238.00 271.00 NOTE
r-oldrel-osx-x86_64 1.0.1 OK

Check Details

Version: 1.0.1
Check: package dependencies
Result: NOTE
    Package suggested but not available for checking: 'rPython'
Flavors: r-devel-linux-x86_64-debian-clang, r-devel-linux-x86_64-debian-gcc, r-devel-windows-ix86+x86_64, r-devel-windows-ix86+x86_64-gcc8, r-patched-linux-x86_64, r-release-windows-ix86+x86_64, r-oldrel-windows-ix86+x86_64