CRAN Package Check Results for Package cvms

Last updated on 2020-03-30 20:48:24 CEST.

Flavor Version Tinstall Tcheck Ttotal Status Flags
r-devel-linux-x86_64-debian-clang 0.3.2 12.54 292.29 304.83 OK
r-devel-linux-x86_64-debian-gcc 0.3.2 11.08 220.39 231.47 OK
r-devel-linux-x86_64-fedora-clang 0.3.2 332.02 ERROR
r-devel-linux-x86_64-fedora-gcc 0.3.2 430.02 ERROR
r-devel-windows-ix86+x86_64 0.3.2 19.00 255.00 274.00 OK
r-devel-windows-ix86+x86_64-gcc8 0.3.2 19.00 249.00 268.00 OK
r-patched-linux-x86_64 0.3.2 11.85 272.53 284.38 OK
r-patched-solaris-x86 0.3.2 528.20 ERROR
r-release-linux-x86_64 0.3.2 11.80 249.18 260.98 OK
r-release-windows-ix86+x86_64 0.3.2 33.00 363.00 396.00 OK
r-release-osx-x86_64 0.3.2 OK
r-oldrel-windows-ix86+x86_64 0.3.2 26.00 374.00 400.00 OK
r-oldrel-osx-x86_64 0.3.2 OK

Check Details

Version: 0.3.2
Check: tests
Result: ERROR
     Running ‘testthat.R’ [134s/152s]
    Running the tests in ‘tests/testthat.R’ failed.
    Complete output:
     > library(testthat)
     > library(cvms)
     >
     > test_check("cvms")
     ── 1. Failure: model_verbose reports the correct model functions in cross_valida
     ...$NULL not equal to as.character(...).
     Lengths differ: 6 is not 5
    
     ── 2. Failure: model_verbose reports the correct model functions in cross_valida
     ...$NULL not equal to as.character(...).
     Lengths differ: 6 is not 5
    
     ── 3. Failure: model_verbose reports the correct model functions in cross_valida
     ...$NULL not equal to as.character(...).
     Lengths differ: 6 is not 5
    
     ── 4. Failure: model_verbose reports the correct model functions in cross_valida
     ...$NULL not equal to as.character(...).
     Lengths differ: 6 is not 5
    
     ── 5. Failure: model_verbose reports the correct model functions in cross_valida
     ...$NULL not equal to as.character(...).
     Lengths differ: 6 is not 5
    
     ── 6. Failure: model_verbose reports the correct model functions in cross_valida
     ...$NULL not equal to as.character(...).
     Lengths differ: 6 is not 5
    
     ── 7. Failure: multinomial random predictions work with cross_validate_fn() (@te
     CVmultinomlist$`Warnings and Messages`[[1]] not equal to structure(...).
     Different number of rows
    
     ── 8. Failure: model_verbose reports the correct model functions in validate() (
     ...$NULL not equal to as.character(...).
     Lengths differ: 3 is not 2
    
     ── 9. Failure: model_verbose reports the correct model functions in validate() (
     ...$NULL not equal to as.character(...).
     Lengths differ: 3 is not 2
    
     ── 10. Failure: model_verbose reports the correct model functions in validate()
     ...$NULL not equal to as.character(...).
     Lengths differ: 3 is not 2
    
     ── 11. Failure: model_verbose reports the correct model functions in validate()
     ...$NULL not equal to as.character(...).
     Lengths differ: 3 is not 2
    
     ══ testthat results ═══════════════════════════════════════════════════════════
     [ OK: 1617 | SKIPPED: 12 | WARNINGS: 2 | FAILED: 11 ]
     1. Failure: model_verbose reports the correct model functions in cross_validate() (@test_cross_validate.R#910)
     2. Failure: model_verbose reports the correct model functions in cross_validate() (@test_cross_validate.R#923)
     3. Failure: model_verbose reports the correct model functions in cross_validate() (@test_cross_validate.R#936)
     4. Failure: model_verbose reports the correct model functions in cross_validate() (@test_cross_validate.R#948)
     5. Failure: model_verbose reports the correct model functions in cross_validate() (@test_cross_validate.R#962)
     6. Failure: model_verbose reports the correct model functions in cross_validate() (@test_cross_validate.R#975)
     7. Failure: multinomial random predictions work with cross_validate_fn() (@test_cross_validate_fn.R#1448)
     8. Failure: model_verbose reports the correct model functions in validate() (@test_validate.R#512)
     9. Failure: model_verbose reports the correct model functions in validate() (@test_validate.R#523)
     1. ...
    
     Error: testthat unit tests failed
     Execution halted
Flavor: r-devel-linux-x86_64-fedora-clang

Version: 0.3.2
Check: tests
Result: ERROR
     Running ‘testthat.R’ [157s/326s]
    Running the tests in ‘tests/testthat.R’ failed.
    Complete output:
     > library(testthat)
     > library(cvms)
     >
     > test_check("cvms")
     ── 1. Failure: model_verbose reports the correct model functions in cross_valida
     ...$NULL not equal to as.character(...).
     Lengths differ: 6 is not 5
    
     ── 2. Failure: model_verbose reports the correct model functions in cross_valida
     ...$NULL not equal to as.character(...).
     Lengths differ: 6 is not 5
    
     ── 3. Failure: model_verbose reports the correct model functions in cross_valida
     ...$NULL not equal to as.character(...).
     Lengths differ: 6 is not 5
    
     ── 4. Failure: model_verbose reports the correct model functions in cross_valida
     ...$NULL not equal to as.character(...).
     Lengths differ: 6 is not 5
    
     ── 5. Failure: model_verbose reports the correct model functions in cross_valida
     ...$NULL not equal to as.character(...).
     Lengths differ: 6 is not 5
    
     ── 6. Failure: model_verbose reports the correct model functions in cross_valida
     ...$NULL not equal to as.character(...).
     Lengths differ: 6 is not 5
    
     ── 7. Failure: multinomial random predictions work with cross_validate_fn() (@te
     CVmultinomlist$`Warnings and Messages`[[1]] not equal to structure(...).
     Different number of rows
    
     ── 8. Failure: model_verbose reports the correct model functions in validate() (
     ...$NULL not equal to as.character(...).
     Lengths differ: 3 is not 2
    
     ── 9. Failure: model_verbose reports the correct model functions in validate() (
     ...$NULL not equal to as.character(...).
     Lengths differ: 3 is not 2
    
     ── 10. Failure: model_verbose reports the correct model functions in validate()
     ...$NULL not equal to as.character(...).
     Lengths differ: 3 is not 2
    
     ── 11. Failure: model_verbose reports the correct model functions in validate()
     ...$NULL not equal to as.character(...).
     Lengths differ: 3 is not 2
    
     ══ testthat results ═══════════════════════════════════════════════════════════
     [ OK: 1617 | SKIPPED: 12 | WARNINGS: 2 | FAILED: 11 ]
     1. Failure: model_verbose reports the correct model functions in cross_validate() (@test_cross_validate.R#910)
     2. Failure: model_verbose reports the correct model functions in cross_validate() (@test_cross_validate.R#923)
     3. Failure: model_verbose reports the correct model functions in cross_validate() (@test_cross_validate.R#936)
     4. Failure: model_verbose reports the correct model functions in cross_validate() (@test_cross_validate.R#948)
     5. Failure: model_verbose reports the correct model functions in cross_validate() (@test_cross_validate.R#962)
     6. Failure: model_verbose reports the correct model functions in cross_validate() (@test_cross_validate.R#975)
     7. Failure: multinomial random predictions work with cross_validate_fn() (@test_cross_validate_fn.R#1448)
     8. Failure: model_verbose reports the correct model functions in validate() (@test_validate.R#512)
     9. Failure: model_verbose reports the correct model functions in validate() (@test_validate.R#523)
     1. ...
    
     Error: testthat unit tests failed
     Execution halted
Flavor: r-devel-linux-x86_64-fedora-gcc

Version: 0.3.2
Check: tests
Result: ERROR
     Running ‘testthat.R’ [186s/219s]
    Running the tests in ‘tests/testthat.R’ failed.
    Complete output:
     > library(testthat)
     > library(cvms)
     >
     > test_check("cvms")
     ── 1. Failure: model_verbose reports the correct model functions in cross_valida
     ...$NULL not equal to as.character(...).
     Lengths differ: 6 is not 5
    
     ── 2. Failure: model_verbose reports the correct model functions in cross_valida
     ...$NULL not equal to as.character(...).
     Lengths differ: 6 is not 5
    
     ── 3. Failure: model_verbose reports the correct model functions in cross_valida
     ...$NULL not equal to as.character(...).
     Lengths differ: 6 is not 5
    
     ── 4. Failure: model_verbose reports the correct model functions in cross_valida
     ...$NULL not equal to as.character(...).
     Lengths differ: 6 is not 5
    
     ── 5. Failure: model_verbose reports the correct model functions in cross_valida
     ...$NULL not equal to as.character(...).
     Lengths differ: 6 is not 5
    
     ── 6. Failure: model_verbose reports the correct model functions in cross_valida
     ...$NULL not equal to as.character(...).
     Lengths differ: 6 is not 5
    
     ── 7. Failure: multinomial random predictions work with cross_validate_fn() (@te
     CVmultinomlist$`Warnings and Messages`[[1]] not equal to structure(...).
     Different number of rows
    
     ── 8. Failure: model_verbose reports the correct model functions in validate() (
     ...$NULL not equal to as.character(...).
     Lengths differ: 3 is not 2
    
     ── 9. Failure: model_verbose reports the correct model functions in validate() (
     ...$NULL not equal to as.character(...).
     Lengths differ: 3 is not 2
    
     ── 10. Failure: model_verbose reports the correct model functions in validate()
     ...$NULL not equal to as.character(...).
     Lengths differ: 3 is not 2
    
     ── 11. Failure: model_verbose reports the correct model functions in validate()
     ...$NULL not equal to as.character(...).
     Lengths differ: 3 is not 2
    
     ══ testthat results ═══════════════════════════════════════════════════════════
     [ OK: 1617 | SKIPPED: 12 | WARNINGS: 2 | FAILED: 11 ]
     1. Failure: model_verbose reports the correct model functions in cross_validate() (@test_cross_validate.R#910)
     2. Failure: model_verbose reports the correct model functions in cross_validate() (@test_cross_validate.R#923)
     3. Failure: model_verbose reports the correct model functions in cross_validate() (@test_cross_validate.R#936)
     4. Failure: model_verbose reports the correct model functions in cross_validate() (@test_cross_validate.R#948)
     5. Failure: model_verbose reports the correct model functions in cross_validate() (@test_cross_validate.R#962)
     6. Failure: model_verbose reports the correct model functions in cross_validate() (@test_cross_validate.R#975)
     7. Failure: multinomial random predictions work with cross_validate_fn() (@test_cross_validate_fn.R#1448)
     8. Failure: model_verbose reports the correct model functions in validate() (@test_validate.R#512)
     9. Failure: model_verbose reports the correct model functions in validate() (@test_validate.R#523)
     1. ...
    
     Error: testthat unit tests failed
     Execution halted
Flavor: r-patched-solaris-x86