CRAN Package Check Results for Package customsteps

Last updated on 2020-03-30 20:48:24 CEST.

Flavor Version Tinstall Tcheck Ttotal Status Flags
r-devel-linux-x86_64-debian-clang 0.7.1.0 11.18 110.60 121.78 NOTE
r-devel-linux-x86_64-debian-gcc 0.7.1.0 8.13 83.23 91.36 NOTE
r-devel-linux-x86_64-fedora-clang 0.7.1.0 137.27 NOTE
r-devel-linux-x86_64-fedora-gcc 0.7.1.0 135.99 NOTE
r-devel-windows-ix86+x86_64 0.7.1.0 33.00 106.00 139.00 NOTE
r-devel-windows-ix86+x86_64-gcc8 0.7.1.0 27.00 104.00 131.00 NOTE
r-patched-linux-x86_64 0.7.1.0 10.58 103.74 114.32 NOTE
r-patched-solaris-x86 0.7.1.0 213.20 NOTE
r-release-linux-x86_64 0.7.1.0 8.73 94.40 103.13 OK
r-release-windows-ix86+x86_64 0.7.1.0 31.00 154.00 185.00 OK
r-release-osx-x86_64 0.7.1.0 NOTE
r-oldrel-windows-ix86+x86_64 0.7.1.0 32.00 145.00 177.00 OK
r-oldrel-osx-x86_64 0.7.1.0 NOTE

Check Details

Version: 0.7.1.0
Check: package vignettes
Result: NOTE
    Package vignette with placeholder title 'Vignette Title':
     'customsteps.Rmd'
Flavors: r-devel-linux-x86_64-debian-clang, r-devel-linux-x86_64-debian-gcc, r-devel-windows-ix86+x86_64, r-devel-windows-ix86+x86_64-gcc8, r-patched-linux-x86_64

Version: 0.7.1.0
Check: dependencies in R code
Result: NOTE
    Namespaces in Imports field not imported from:
     ‘rlang’ ‘tidyselect’
     All declared Imports should be used.
Flavors: r-devel-linux-x86_64-fedora-clang, r-devel-linux-x86_64-fedora-gcc, r-patched-solaris-x86, r-release-osx-x86_64, r-oldrel-osx-x86_64