CRAN Package Check Results for Package cstar

Last updated on 2021-04-15 09:49:55 CEST.

Flavor Version Tinstall Tcheck Ttotal Status Flags
r-devel-linux-x86_64-debian-clang 1.0 1.90 22.70 24.60 NOTE
r-devel-linux-x86_64-debian-gcc 1.0 1.59 17.97 19.56 NOTE
r-devel-linux-x86_64-fedora-clang 1.0 39.95 NOTE
r-devel-linux-x86_64-fedora-gcc 1.0 29.62 NOTE
r-devel-windows-ix86+x86_64 1.0 5.00 38.00 43.00 NOTE
r-devel-windows-x86_64-gcc10-UCRT 1.0 NOTE
r-patched-linux-x86_64 1.0 1.95 22.20 24.15 NOTE
r-patched-solaris-x86 1.0 45.40 NOTE
r-release-linux-x86_64 1.0 1.96 22.28 24.24 NOTE
r-release-macos-x86_64 1.0 NOTE
r-release-windows-ix86+x86_64 1.0 4.00 39.00 43.00 NOTE
r-oldrel-macos-x86_64 1.0 NOTE
r-oldrel-windows-ix86+x86_64 1.0 4.00 31.00 35.00 NOTE

Check Details

Version: 1.0
Check: DESCRIPTION meta-information
Result: NOTE
    Malformed Title field: should not end in a period.
Flavors: r-devel-linux-x86_64-debian-clang, r-devel-linux-x86_64-debian-gcc, r-devel-linux-x86_64-fedora-clang, r-devel-linux-x86_64-fedora-gcc, r-devel-windows-ix86+x86_64, r-devel-windows-x86_64-gcc10-UCRT, r-patched-linux-x86_64, r-patched-solaris-x86, r-release-linux-x86_64, r-release-macos-x86_64, r-release-windows-ix86+x86_64, r-oldrel-macos-x86_64, r-oldrel-windows-ix86+x86_64

Version: 1.0
Check: R code for possible problems
Result: NOTE
    cstar: no visible global function definition for 'vcov'
    cstar : utility: no visible global function definition for 'dt'
    cstar : maximand: no visible global function definition for 'integrate'
    cstar: no visible global function definition for 'uniroot'
    cstari : utility: no visible global function definition for 'dt'
    cstari : maximand: no visible global function definition for
     'integrate'
    cstari: no visible global function definition for 'uniroot'
    cstarme : utility: no visible global function definition for 'density'
    cstarme : maximand: no visible global function definition for
     'integrate'
    cstarme : maximand: no visible global function definition for 'sd'
    cstarme: no visible global function definition for 'uniroot'
    Undefined global functions or variables:
     density dt integrate sd uniroot vcov
    Consider adding
     importFrom("stats", "density", "dt", "integrate", "sd", "uniroot",
     "vcov")
    to your NAMESPACE file.
Flavors: r-devel-linux-x86_64-debian-clang, r-devel-linux-x86_64-debian-gcc, r-devel-linux-x86_64-fedora-clang, r-devel-linux-x86_64-fedora-gcc, r-devel-windows-ix86+x86_64, r-devel-windows-x86_64-gcc10-UCRT, r-patched-linux-x86_64, r-patched-solaris-x86, r-release-linux-x86_64, r-release-macos-x86_64, r-release-windows-ix86+x86_64, r-oldrel-macos-x86_64, r-oldrel-windows-ix86+x86_64