CRAN Package Check Results for Package crqanlp

Last updated on 2020-03-30 20:48:24 CEST.

Flavor Version Tinstall Tcheck Ttotal Status Flags
r-devel-linux-x86_64-debian-clang 0.3 11.60 104.76 116.36 OK
r-devel-linux-x86_64-debian-gcc 0.3 9.49 80.96 90.45 OK
r-devel-linux-x86_64-fedora-clang 0.3 140.61 OK
r-devel-linux-x86_64-fedora-gcc 0.3 135.19 OK
r-devel-windows-ix86+x86_64 0.3 31.00 117.00 148.00 OK
r-devel-windows-ix86+x86_64-gcc8 0.3 24.00 108.00 132.00 OK
r-patched-linux-x86_64 0.3 11.25 99.91 111.16 OK
r-patched-solaris-x86 0.3 221.40 OK
r-release-linux-x86_64 0.3 8.85 88.87 97.72 OK
r-release-windows-ix86+x86_64 0.3 39.00 151.00 190.00 OK
r-release-osx-x86_64 0.3 OK
r-oldrel-windows-ix86+x86_64 0.3 30.00 145.00 175.00 OK
r-oldrel-osx-x86_64 0.3 WARN

Check Details

Version: 0.3
Check: examples
Result: WARN
    Found the following significant warnings:
    
     Warning: 'rBind' is deprecated.
    Deprecated functions may be defunct as soon as of the next release of
    R.
    See ?Deprecated.
Flavor: r-oldrel-osx-x86_64