CRAN Package Check Results for Package crossReg

Last updated on 2021-04-15 09:49:55 CEST.

Flavor Version Tinstall Tcheck Ttotal Status Flags
r-devel-linux-x86_64-debian-clang 1.0 1.90 26.09 27.99 NOTE
r-devel-linux-x86_64-debian-gcc 1.0 1.47 20.56 22.03 NOTE
r-devel-linux-x86_64-fedora-clang 1.0 43.13 NOTE
r-devel-linux-x86_64-fedora-gcc 1.0 33.43 NOTE
r-devel-windows-ix86+x86_64 1.0 4.00 43.00 47.00 NOTE
r-devel-windows-x86_64-gcc10-UCRT 1.0 NOTE
r-patched-linux-x86_64 1.0 1.93 25.06 26.99 NOTE
r-patched-solaris-x86 1.0 57.80 NOTE
r-release-linux-x86_64 1.0 1.94 25.30 27.24 NOTE
r-release-macos-x86_64 1.0 NOTE
r-release-windows-ix86+x86_64 1.0 4.00 43.00 47.00 NOTE
r-oldrel-macos-x86_64 1.0 NOTE
r-oldrel-windows-ix86+x86_64 1.0 4.00 31.00 35.00 NOTE

Check Details

Version: 1.0
Check: R code for possible problems
Result: NOTE
    BootC : BSs: no visible global function definition for 'lm'
    BootC : BSs: no visible global function definition for 'vcov'
    BootC: no visible global function definition for 'boot'
    BootC: no visible global function definition for 'boot.ci'
    DeltaC: no visible global function definition for 'lm'
    DeltaC: no visible global function definition for 'vcov'
    FiellerC: no visible global function definition for 'lm'
    FiellerC: no visible global function definition for 'vcov'
    nonLinearC: no visible global function definition for 'nls'
    Undefined global functions or variables:
     boot boot.ci lm nls vcov
    Consider adding
     importFrom("stats", "lm", "nls", "vcov")
    to your NAMESPACE file.
Flavors: r-devel-linux-x86_64-debian-clang, r-devel-linux-x86_64-debian-gcc, r-devel-linux-x86_64-fedora-clang, r-devel-linux-x86_64-fedora-gcc, r-devel-windows-ix86+x86_64, r-devel-windows-x86_64-gcc10-UCRT, r-patched-linux-x86_64, r-patched-solaris-x86, r-release-linux-x86_64, r-release-macos-x86_64, r-release-windows-ix86+x86_64, r-oldrel-macos-x86_64, r-oldrel-windows-ix86+x86_64