CRAN Package Check Results for Package crmPack

Last updated on 2021-04-15 09:49:55 CEST.

Flavor Version Tinstall Tcheck Ttotal Status Flags
r-devel-linux-x86_64-debian-clang 1.0.0 22.86 211.09 233.95 NOTE --no-vignettes
r-devel-linux-x86_64-debian-gcc 1.0.0 17.37 152.74 170.11 NOTE --no-vignettes
r-devel-linux-x86_64-fedora-clang 1.0.0 1487.76 OK
r-devel-linux-x86_64-fedora-gcc 1.0.0 1473.73 OK
r-devel-windows-ix86+x86_64 1.0.0 54.00 213.00 267.00 NOTE --no-vignettes
r-devel-windows-x86_64-gcc10-UCRT 1.0.0 OK
r-patched-linux-x86_64 1.0.0 23.14 187.34 210.48 NOTE --no-vignettes
r-patched-solaris-x86 1.0.0 328.40 OK --no-vignettes
r-release-linux-x86_64 1.0.0 21.71 198.21 219.92 NOTE --no-vignettes
r-release-macos-x86_64 1.0.0 OK
r-oldrel-macos-x86_64 1.0.0 OK
r-oldrel-windows-ix86+x86_64 1.0.0 34.00 172.00 206.00 OK --no-vignettes

Check Details

Version: 1.0.0
Flags: --no-vignettes
Check: package vignettes
Result: NOTE
    Package vignette with placeholder title 'Vignette Title':
     'guidelines.Rmd'
Flavors: r-devel-linux-x86_64-debian-clang, r-devel-linux-x86_64-debian-gcc, r-devel-windows-ix86+x86_64, r-patched-linux-x86_64, r-release-linux-x86_64