CRAN Package Check Results for Package crmPack

Last updated on 2020-02-28 22:53:29 CET.

Flavor Version Tinstall Tcheck Ttotal Status Flags
r-devel-linux-x86_64-debian-clang 1.0.0 20.72 201.05 221.77 NOTE --no-vignettes
r-devel-linux-x86_64-debian-gcc 1.0.0 18.51 156.99 175.50 NOTE --no-vignettes
r-devel-linux-x86_64-fedora-clang 1.0.0 1580.40 OK
r-devel-linux-x86_64-fedora-gcc 1.0.0 1570.37 OK
r-devel-windows-ix86+x86_64 1.0.0 57.00 203.00 260.00 NOTE --no-vignettes
r-devel-windows-ix86+x86_64-gcc8 1.0.0 47.00 207.00 254.00 NOTE --no-vignettes
r-patched-linux-x86_64 1.0.0 16.57 183.05 199.62 OK --no-vignettes
r-patched-solaris-x86 1.0.0 302.20 OK --no-vignettes
r-release-linux-x86_64 1.0.0 16.86 177.30 194.16 OK --no-vignettes
r-release-windows-ix86+x86_64 1.0.0 32.00 303.00 335.00 OK --no-vignettes
r-release-osx-x86_64 1.0.0 OK
r-oldrel-windows-ix86+x86_64 1.0.0 30.00 254.00 284.00 WARN --no-vignettes
r-oldrel-osx-x86_64 1.0.0 OK

Check Details

Version: 1.0.0
Flags: --no-vignettes
Check: package vignettes
Result: NOTE
    Package vignette with placeholder title 'Vignette Title':
     'guidelines.Rmd'
Flavors: r-devel-linux-x86_64-debian-clang, r-devel-linux-x86_64-debian-gcc, r-devel-windows-ix86+x86_64, r-devel-windows-ix86+x86_64-gcc8

Version: 1.0.0
Flags: --no-vignettes
Check: whether package can be installed
Result: WARN
    Found the following significant warnings:
     Warning: S3 methods '[.fun_list', '[.grouped_df', 'all.equal.tbl_df', 'anti_join.data.frame', 'anti_join.tbl_df', 'arrange.data.frame', 'arrange.default', 'arrange.grouped_df', 'arrange.tbl_df', 'arrange_.data.frame', 'arrange_.tbl_df', 'as.data.frame.grouped_df', 'as.data.frame.rowwise_df', 'as.data.frame.tbl_cube', 'as.table.tbl_cube', 'as.tbl.data.frame', 'as.tbl.tbl', 'as.tbl_cube.array', 'as.tbl_cube.data.frame', 'as.tbl_cube.matrix', 'as.tbl_cube.table', 'as_tibble.grouped_df', 'as_tibble.tbl_cube', 'auto_copy.tbl_cube', 'auto_copy.tbl_df', 'cbind.grouped_df', 'collapse.data.frame', 'collect.data.frame', 'common_by.NULL', 'common_by.character', 'common_by.default', 'common_by.list', 'compute.data.frame', 'copy_to.DBIConnection', 'copy_to.src_local', 'default_missing.data.frame', 'default_missing.default', 'dim.tbl_cube', 'distinct.data.frame', 'distinct.default', 'distinct.grouped_df', 'distinct.tbl_df', 'distinct_.data.frame', 'distinct_.grouped_df', 'distinct_.tbl_df', 'do.NULL', 'do.da [... truncated]
Flavor: r-oldrel-windows-ix86+x86_64