CRAN Package Check Results for Package crisp

Last updated on 2021-04-15 09:49:55 CEST.

Flavor Version Tinstall Tcheck Ttotal Status Flags
r-devel-linux-x86_64-debian-clang 1.0.0 6.76 63.58 70.34 NOTE
r-devel-linux-x86_64-debian-gcc 1.0.0 6.51 49.14 55.65 NOTE
r-devel-linux-x86_64-fedora-clang 1.0.0 95.89 NOTE
r-devel-linux-x86_64-fedora-gcc 1.0.0 84.73 NOTE
r-devel-windows-ix86+x86_64 1.0.0 16.00 81.00 97.00 NOTE
r-devel-windows-x86_64-gcc10-UCRT 1.0.0 NOTE
r-patched-linux-x86_64 1.0.0 7.75 59.02 66.77 OK
r-patched-solaris-x86 1.0.0 125.00 OK
r-release-linux-x86_64 1.0.0 7.45 58.34 65.79 OK
r-release-macos-x86_64 1.0.0 OK
r-release-windows-ix86+x86_64 1.0.0 15.00 85.00 100.00 OK
r-oldrel-macos-x86_64 1.0.0 OK
r-oldrel-windows-ix86+x86_64 1.0.0 15.00 60.00 75.00 OK

Check Details

Version: 1.0.0
Check: LazyData
Result: NOTE
     'LazyData' is specified without a 'data' directory
Flavors: r-devel-linux-x86_64-debian-clang, r-devel-linux-x86_64-debian-gcc, r-devel-linux-x86_64-fedora-clang, r-devel-linux-x86_64-fedora-gcc, r-devel-windows-ix86+x86_64, r-devel-windows-x86_64-gcc10-UCRT