CRAN Package Check Results for Package cragg

Last updated on 2021-06-22 09:51:32 CEST.

Flavor Version Tinstall Tcheck Ttotal Status Flags
r-devel-linux-x86_64-debian-clang 0.0.1 2.25 32.92 35.17 NOTE
r-devel-linux-x86_64-debian-gcc 0.0.1 1.66 25.31 26.97 NOTE
r-devel-linux-x86_64-fedora-clang 0.0.1 51.12 NOTE
r-devel-linux-x86_64-fedora-gcc 0.0.1 41.24 NOTE
r-devel-windows-x86_64 0.0.1 4.00 47.00 51.00 NOTE
r-devel-windows-x86_64-gcc10-UCRT 0.0.1 NOTE
r-patched-linux-x86_64 0.0.1 2.08 31.29 33.37 NOTE
r-patched-solaris-x86 0.0.1 64.00 NOTE
r-release-linux-x86_64 0.0.1 2.04 31.38 33.42 NOTE
r-release-macos-arm64 0.0.1 NOTE
r-release-macos-x86_64 0.0.1 NOTE
r-release-windows-ix86+x86_64 0.0.1 4.00 49.00 53.00 NOTE
r-oldrel-macos-x86_64 0.0.1 OK

Check Details

Version: 0.0.1
Check: LazyData
Result: NOTE
     'LazyData' is specified without a 'data' directory
Flavors: r-devel-linux-x86_64-debian-clang, r-devel-linux-x86_64-debian-gcc, r-devel-linux-x86_64-fedora-clang, r-devel-linux-x86_64-fedora-gcc, r-devel-windows-x86_64, r-devel-windows-x86_64-gcc10-UCRT, r-patched-linux-x86_64, r-patched-solaris-x86, r-release-linux-x86_64, r-release-macos-arm64, r-release-macos-x86_64, r-release-windows-ix86+x86_64