CRAN Package Check Results for Package cpca

Last updated on 2020-02-21 17:47:43 CET.

Flavor Version Tinstall Tcheck Ttotal Status Flags
r-devel-linux-x86_64-debian-clang 0.1.2 1.85 17.98 19.83 NOTE
r-devel-linux-x86_64-debian-gcc 0.1.2 1.41 14.42 15.83 NOTE
r-devel-linux-x86_64-fedora-clang 0.1.2 25.52 NOTE
r-devel-linux-x86_64-fedora-gcc 0.1.2 24.71 NOTE
r-devel-windows-ix86+x86_64 0.1.2 5.00 30.00 35.00 NOTE
r-devel-windows-ix86+x86_64-gcc8 0.1.2 8.00 42.00 50.00 NOTE
r-patched-linux-x86_64 0.1.2 1.19 16.69 17.88 NOTE
r-patched-solaris-x86 0.1.2 36.90 NOTE
r-release-linux-x86_64 0.1.2 1.29 16.68 17.97 NOTE
r-release-windows-ix86+x86_64 0.1.2 4.00 29.00 33.00 NOTE
r-release-osx-x86_64 0.1.2 NOTE
r-oldrel-windows-ix86+x86_64 0.1.2 2.00 29.00 31.00 NOTE
r-oldrel-osx-x86_64 0.1.2 NOTE

Check Details

Version: 0.1.2
Check: DESCRIPTION meta-information
Result: NOTE
    Malformed Description field: should contain one or more complete sentences.
Flavors: r-devel-linux-x86_64-debian-clang, r-devel-linux-x86_64-debian-gcc, r-devel-linux-x86_64-fedora-clang, r-devel-linux-x86_64-fedora-gcc, r-devel-windows-ix86+x86_64, r-devel-windows-ix86+x86_64-gcc8, r-patched-linux-x86_64, r-patched-solaris-x86, r-release-linux-x86_64, r-release-windows-ix86+x86_64, r-release-osx-x86_64, r-oldrel-windows-ix86+x86_64, r-oldrel-osx-x86_64