CRAN Package Check Results for Package covr

Last updated on 2021-10-27 08:56:00 CEST.

Flavor Version Tinstall Tcheck Ttotal Status Flags
r-devel-linux-x86_64-debian-clang 3.5.1 5.14 111.84 116.98 NOTE
r-devel-linux-x86_64-debian-gcc 3.5.1 3.83 89.63 93.46 NOTE
r-devel-linux-x86_64-fedora-clang 3.5.1 155.09 NOTE
r-devel-linux-x86_64-fedora-gcc 3.5.1 169.76 NOTE
r-devel-windows-x86_64 3.5.1 10.00 230.00 240.00 NOTE
r-devel-windows-x86_64-gcc10-UCRT 3.5.1 NOTE
r-patched-linux-x86_64 3.5.1 5.19 111.10 116.29 NOTE
r-patched-solaris-x86 3.5.1 77.20 NOTE
r-release-linux-x86_64 3.5.1 5.58 110.03 115.61 NOTE
r-release-macos-arm64 3.5.1 NOTE
r-release-macos-x86_64 3.5.1 NOTE
r-release-windows-ix86+x86_64 3.5.1 8.00 343.00 351.00 NOTE
r-oldrel-macos-x86_64 3.5.1 OK
r-oldrel-windows-ix86+x86_64 3.5.1 12.00 375.00 387.00 OK

Check Details

Version: 3.5.1
Check: LazyData
Result: NOTE
     'LazyData' is specified without a 'data' directory
Flavors: r-devel-linux-x86_64-debian-clang, r-devel-linux-x86_64-debian-gcc, r-devel-linux-x86_64-fedora-clang, r-devel-linux-x86_64-fedora-gcc, r-devel-windows-x86_64, r-devel-windows-x86_64-gcc10-UCRT, r-patched-linux-x86_64, r-patched-solaris-x86, r-release-linux-x86_64, r-release-macos-arm64, r-release-macos-x86_64, r-release-windows-ix86+x86_64