CRAN Package Check Results for Package corto

Last updated on 2020-02-28 22:53:29 CET.

Flavor Version Tinstall Tcheck Ttotal Status Flags
r-devel-linux-x86_64-debian-clang 1.0.2 5.40 46.71 52.11 OK
r-devel-linux-x86_64-debian-gcc 1.0.2 5.38 36.53 41.91 OK
r-devel-linux-x86_64-fedora-clang 1.0.2 62.46 NOTE
r-devel-linux-x86_64-fedora-gcc 1.0.2 63.70 NOTE
r-devel-windows-ix86+x86_64 1.0.2 22.00 81.00 103.00 OK
r-devel-windows-ix86+x86_64-gcc8 1.0.2 17.00 73.00 90.00 OK
r-patched-linux-x86_64 1.0.2 4.29 42.36 46.65 OK
r-patched-solaris-x86 1.0.2 111.80 NOTE
r-release-linux-x86_64 1.0.2 5.06 42.09 47.15 OK
r-release-windows-ix86+x86_64 1.0.2 12.00 92.00 104.00 OK
r-release-osx-x86_64 1.0.2 NOTE
r-oldrel-windows-ix86+x86_64 0.99.10 9.00 60.00 69.00 OK
r-oldrel-osx-x86_64 1.0.2 ERROR

Check Details

Version: 1.0.2
Check: dependencies in R code
Result: NOTE
    Namespaces in Imports field not imported from:
     ‘knitr’ ‘rmarkdown’
     All declared Imports should be used.
Flavors: r-devel-linux-x86_64-fedora-clang, r-devel-linux-x86_64-fedora-gcc, r-patched-solaris-x86, r-release-osx-x86_64

Version: 1.0.2
Check: whether package can be installed
Result: ERROR
    Installation failed.
Flavor: r-oldrel-osx-x86_64