CRAN Package Check Results for Package corto

Last updated on 2021-06-22 09:51:31 CEST.

Flavor Version Tinstall Tcheck Ttotal Status Flags
r-devel-linux-x86_64-debian-clang 1.1.6 6.36 57.62 63.98 OK
r-devel-linux-x86_64-debian-gcc 1.1.6 4.81 43.15 47.96 OK
r-devel-linux-x86_64-fedora-clang 1.1.6 85.02 NOTE
r-devel-linux-x86_64-fedora-gcc 1.1.6 75.03 NOTE
r-devel-windows-x86_64 1.1.6 11.00 79.00 90.00 OK
r-devel-windows-x86_64-gcc10-UCRT 1.1.6 NOTE
r-patched-linux-x86_64 1.1.6 5.73 54.50 60.23 OK
r-patched-solaris-x86 1.1.6 124.20 NOTE
r-release-linux-x86_64 1.1.6 5.31 54.45 59.76 OK
r-release-macos-arm64 1.1.6 NOTE
r-release-macos-x86_64 1.1.6 NOTE
r-release-windows-ix86+x86_64 1.1.6 14.00 84.00 98.00 OK
r-oldrel-macos-x86_64 1.1.6 NOTE

Check Details

Version: 1.1.6
Check: dependencies in R code
Result: NOTE
    Namespaces in Imports field not imported from:
     ‘knitr’ ‘rmarkdown’
     All declared Imports should be used.
Flavors: r-devel-linux-x86_64-fedora-clang, r-devel-linux-x86_64-fedora-gcc, r-devel-windows-x86_64-gcc10-UCRT, r-patched-solaris-x86, r-release-macos-arm64, r-release-macos-x86_64, r-oldrel-macos-x86_64