CRAN Package Check Results for Package corrr

Last updated on 2021-06-21 09:52:35 CEST.

Flavor Version Tinstall Tcheck Ttotal Status Flags
r-devel-linux-x86_64-debian-clang 0.4.3 5.96 70.27 76.23 NOTE
r-devel-linux-x86_64-debian-gcc 0.4.3 4.31 52.55 56.86 NOTE
r-devel-linux-x86_64-fedora-clang 0.4.3 97.61 NOTE
r-devel-linux-x86_64-fedora-gcc 0.4.3 87.62 NOTE
r-devel-windows-x86_64 0.4.3 9.00 89.00 98.00 NOTE
r-devel-windows-x86_64-gcc10-UCRT 0.4.3 NOTE
r-patched-linux-x86_64 0.4.3 12.28 66.40 78.68 NOTE
r-patched-solaris-x86 0.4.3 125.30 NOTE
r-release-linux-x86_64 0.4.3 4.80 65.25 70.05 NOTE
r-release-macos-arm64 0.4.3 NOTE
r-release-macos-x86_64 0.4.3 NOTE
r-release-windows-ix86+x86_64 0.4.3 15.00 94.00 109.00 NOTE
r-oldrel-macos-x86_64 0.4.3 OK

Check Details

Version: 0.4.3
Check: LazyData
Result: NOTE
     'LazyData' is specified without a 'data' directory
Flavors: r-devel-linux-x86_64-debian-clang, r-devel-linux-x86_64-debian-gcc, r-devel-linux-x86_64-fedora-clang, r-devel-linux-x86_64-fedora-gcc, r-devel-windows-x86_64, r-devel-windows-x86_64-gcc10-UCRT, r-patched-linux-x86_64, r-patched-solaris-x86, r-release-linux-x86_64, r-release-macos-arm64, r-release-macos-x86_64, r-release-windows-ix86+x86_64

Version: 0.4.3
Check: package dependencies
Result: NOTE
    Packages suggested but not available for checking: 'sparklyr', 'covr'
Flavor: r-devel-windows-x86_64-gcc10-UCRT