CRAN Package Check Results for Package corrplot

Last updated on 2020-03-30 20:48:24 CEST.

Flavor Version Tinstall Tcheck Ttotal Status Flags
r-devel-linux-x86_64-debian-clang 0.84 3.72 38.74 42.46 OK
r-devel-linux-x86_64-debian-gcc 0.84 2.42 30.45 32.87 OK
r-devel-linux-x86_64-fedora-clang 0.84 51.71 NOTE
r-devel-linux-x86_64-fedora-gcc 0.84 51.11 OK
r-devel-windows-ix86+x86_64 0.84 7.00 55.00 62.00 NOTE
r-devel-windows-ix86+x86_64-gcc8 0.84 8.00 58.00 66.00 NOTE
r-patched-linux-x86_64 0.84 3.38 38.37 41.75 OK
r-patched-solaris-x86 0.84 80.70 NOTE
r-release-linux-x86_64 0.84 2.68 36.48 39.16 OK
r-release-windows-ix86+x86_64 0.84 20.00 75.00 95.00 NOTE
r-release-osx-x86_64 0.84 NOTE
r-oldrel-windows-ix86+x86_64 0.84 6.00 72.00 78.00 NOTE
r-oldrel-osx-x86_64 0.84 NOTE

Check Details

Version: 0.84
Check: installed package size
Result: NOTE
     installed size is 7.0Mb
     sub-directories of 1Mb or more:
     doc 6.9Mb
Flavors: r-devel-linux-x86_64-fedora-clang, r-devel-windows-ix86+x86_64, r-devel-windows-ix86+x86_64-gcc8, r-patched-solaris-x86, r-release-windows-ix86+x86_64, r-release-osx-x86_64, r-oldrel-windows-ix86+x86_64, r-oldrel-osx-x86_64