CRAN Package Check Results for Package corporaexplorer

Last updated on 2020-03-30 20:48:24 CEST.

Flavor Version Tinstall Tcheck Ttotal Status Flags
r-devel-linux-x86_64-debian-clang 0.8.2 3.55 39.33 42.88 OK
r-devel-linux-x86_64-debian-gcc 0.8.2 2.81 29.83 32.64 OK
r-devel-linux-x86_64-fedora-clang 0.8.2 50.91 NOTE
r-devel-linux-x86_64-fedora-gcc 0.8.2 47.59 NOTE
r-devel-windows-ix86+x86_64 0.8.2 16.00 56.00 72.00 OK
r-devel-windows-ix86+x86_64-gcc8 0.8.2 13.00 51.00 64.00 OK
r-patched-linux-x86_64 0.8.2 3.32 37.05 40.37 OK
r-patched-solaris-x86 0.8.2 75.20 NOTE
r-release-linux-x86_64 0.8.2 2.95 35.03 37.98 OK
r-release-windows-ix86+x86_64 0.8.2 25.00 69.00 94.00 OK
r-release-osx-x86_64 0.8.2 NOTE
r-oldrel-windows-ix86+x86_64 0.8.2 16.00 78.00 94.00 OK
r-oldrel-osx-x86_64 0.8.2 NOTE

Check Details

Version: 0.8.2
Check: dependencies in R code
Result: NOTE
    Namespaces in Imports field not imported from:
     ‘RColorBrewer’ ‘ggplot2’ ‘rmarkdown’ ‘shinyWidgets’ ‘shinydashboard’
     ‘shinyjs’
     All declared Imports should be used.
Flavors: r-devel-linux-x86_64-fedora-clang, r-devel-linux-x86_64-fedora-gcc, r-patched-solaris-x86, r-release-osx-x86_64, r-oldrel-osx-x86_64