CRAN Package Check Results for Package coroICA

Last updated on 2021-04-15 09:49:55 CEST.

Flavor Version Tinstall Tcheck Ttotal Status Flags
r-devel-linux-x86_64-debian-clang 1.0.2 2.16 28.82 30.98 NOTE
r-devel-linux-x86_64-debian-gcc 1.0.2 1.89 22.14 24.03 NOTE
r-devel-linux-x86_64-fedora-clang 1.0.2 46.86 NOTE
r-devel-linux-x86_64-fedora-gcc 1.0.2 37.19 NOTE
r-devel-windows-ix86+x86_64 1.0.2 6.00 45.00 51.00 NOTE
r-devel-windows-x86_64-gcc10-UCRT 1.0.2 NOTE
r-patched-linux-x86_64 1.0.2 2.43 28.03 30.46 OK
r-patched-solaris-x86 1.0.2 53.40 OK
r-release-linux-x86_64 1.0.2 2.51 28.30 30.81 OK
r-release-macos-x86_64 1.0.2 OK
r-release-windows-ix86+x86_64 1.0.2 4.00 46.00 50.00 OK
r-oldrel-macos-x86_64 1.0.2 OK
r-oldrel-windows-ix86+x86_64 1.0.2 4.00 32.00 36.00 OK

Check Details

Version: 1.0.2
Check: LazyData
Result: NOTE
     'LazyData' is specified without a 'data' directory
Flavors: r-devel-linux-x86_64-debian-clang, r-devel-linux-x86_64-debian-gcc, r-devel-linux-x86_64-fedora-clang, r-devel-linux-x86_64-fedora-gcc, r-devel-windows-ix86+x86_64, r-devel-windows-x86_64-gcc10-UCRT