CRAN Package Check Results for Package convexjlr

Last updated on 2020-04-09 14:51:16 CEST.

Flavor Version Tinstall Tcheck Ttotal Status Flags
r-devel-linux-x86_64-debian-clang 0.8.1 2.87 25.00 27.87 OK
r-devel-linux-x86_64-debian-gcc 0.8.1 2.14 19.97 22.11 OK
r-devel-linux-x86_64-fedora-clang 0.8.1 33.38 OK
r-devel-linux-x86_64-fedora-gcc 0.8.1 33.50 OK
r-devel-windows-ix86+x86_64 0.8.1 5.00 62.00 67.00 OK
r-devel-windows-ix86+x86_64-gcc8 0.8.1 6.00 41.00 47.00 OK
r-patched-linux-x86_64 0.8.1 2.37 24.65 27.02 OK
r-patched-osx-x86_64 0.8.1 WARN
r-patched-solaris-x86 0.8.1 52.00 OK
r-release-linux-x86_64 0.8.1 2.02 23.18 25.20 OK
r-release-windows-ix86+x86_64 0.8.1 5.00 73.00 78.00 OK
r-release-osx-x86_64 0.8.1 OK
r-oldrel-windows-ix86+x86_64 0.8.1 5.00 50.00 55.00 OK
r-oldrel-osx-x86_64 0.8.1 OK

Check Details

Version: 0.8.1
Check: re-building of vignette outputs
Result: WARN
    Error(s) in re-building vignettes:
     ...
    --- re-building ‘my-vignette.Rmd’ using rmarkdown
    dyld: lazy symbol binding failed: Symbol not found: ____chkstk_darwin
     Referenced from: /usr/local/bin/pandoc (which was built for Mac OS X 10.15)
     Expected in: /usr/lib/libSystem.B.dylib
    
    dyld: Symbol not found: ____chkstk_darwin
     Referenced from: /usr/local/bin/pandoc (which was built for Mac OS X 10.15)
     Expected in: /usr/lib/libSystem.B.dylib
    
    Error: processing vignette 'my-vignette.Rmd' failed with diagnostics:
    pandoc document conversion failed with error 6
    --- failed re-building ‘my-vignette.Rmd’
    
    SUMMARY: processing the following file failed:
     ‘my-vignette.Rmd’
    
    Error: Vignette re-building failed.
    Execution halted
Flavor: r-patched-osx-x86_64