CRAN Package Check Results for Package contribution

Last updated on 2020-03-30 20:48:24 CEST.

Flavor Version Tinstall Tcheck Ttotal Status Flags
r-devel-linux-x86_64-debian-clang 0.1.0 4.58 40.26 44.84 OK
r-devel-linux-x86_64-debian-gcc 0.1.0 4.01 31.44 35.45 OK
r-devel-linux-x86_64-fedora-clang 0.1.0 54.48 NOTE
r-devel-linux-x86_64-fedora-gcc 0.1.0 52.76 NOTE
r-devel-windows-ix86+x86_64 0.1.0 18.00 55.00 73.00 OK
r-devel-windows-ix86+x86_64-gcc8 0.1.0 15.00 60.00 75.00 OK
r-patched-linux-x86_64 0.1.0 4.42 37.97 42.39 OK
r-patched-solaris-x86 0.1.0 83.10 NOTE
r-release-linux-x86_64 0.1.0 3.88 34.98 38.86 OK
r-release-windows-ix86+x86_64 0.1.0 25.00 74.00 99.00 OK
r-release-osx-x86_64 0.1.0 NOTE
r-oldrel-windows-ix86+x86_64 0.1.0 17.00 78.00 95.00 OK
r-oldrel-osx-x86_64 0.1.0 NOTE

Check Details

Version: 0.1.0
Check: data for non-ASCII characters
Result: NOTE
     Note: found 3 marked UTF-8 strings
Flavors: r-devel-linux-x86_64-fedora-clang, r-devel-linux-x86_64-fedora-gcc, r-patched-solaris-x86, r-release-osx-x86_64, r-oldrel-osx-x86_64