CRAN Package Check Results for Package connections

Last updated on 2020-02-28 22:53:29 CET.

Flavor Version Tinstall Tcheck Ttotal Status Flags
r-devel-linux-x86_64-debian-clang 0.1.1 4.48 40.80 45.28 OK
r-devel-linux-x86_64-debian-gcc 0.1.1 3.95 31.52 35.47 OK
r-devel-linux-x86_64-fedora-clang 0.1.1 58.19 OK
r-devel-linux-x86_64-fedora-gcc 0.1.1 56.26 OK
r-devel-windows-ix86+x86_64 0.1.1 16.00 85.00 101.00 OK
r-devel-windows-ix86+x86_64-gcc8 0.1.1 12.00 56.00 68.00 OK
r-patched-linux-x86_64 0.1.1 4.34 35.47 39.81 OK
r-patched-solaris-x86 0.1.1 75.30 OK
r-release-linux-x86_64 0.1.1 3.75 35.87 39.62 OK
r-release-windows-ix86+x86_64 0.1.1 9.00 74.00 83.00 OK
r-release-osx-x86_64 0.1.1 ERROR
r-oldrel-windows-ix86+x86_64 0.1.1 4.00 50.00 54.00 OK
r-oldrel-osx-x86_64 0.1.1 ERROR

Check Details

Version: 0.1.1
Check: tests
Result: ERROR
     Running ‘testthat.R’ [3s/3s]
    Running the tests in ‘tests/testthat.R’ failed.
    Last 13 lines of output:
     11. pins::board_pin_store(...)
     13. pins:::board_pin_create.local(...)
     14. pins:::pin_registry_update(name = name, component = board$name)
     15. pins:::pin_registry_save_entries(entries, component)
     16. yaml::write_yaml(entries, pin_registry_config(component))
     17. base::file(file, "w", encoding = fileEncoding)
    
     ══ testthat results ═══════════════════════════════════════════════════════════
     [ OK: 22 | SKIPPED: 0 | WARNINGS: 0 | FAILED: 1 ]
     1. Error: tbl pin is created w/o error (@test-pins.R#16)
    
     Error: testthat unit tests failed
     In addition: Warning message:
     call dbDisconnect() when finished working with a connection
     Execution halted
Flavor: r-release-osx-x86_64

Version: 0.1.1
Check: tests
Result: ERROR
     Running ‘testthat.R’ [2s/2s]
    Running the tests in ‘tests/testthat.R’ failed.
    Last 13 lines of output:
     11. pins::board_pin_store(...)
     13. pins:::board_pin_create.local(...)
     14. pins:::pin_registry_update(name = name, component = board$name)
     15. pins:::pin_registry_save_entries(entries, component)
     16. yaml::write_yaml(entries, pin_registry_config(component))
     17. base::file(file, "w", encoding = fileEncoding)
    
     ══ testthat results ═══════════════════════════════════════════════════════════
     [ OK: 22 | SKIPPED: 0 | WARNINGS: 0 | FAILED: 1 ]
     1. Error: tbl pin is created w/o error (@test-pins.R#16)
    
     Error: testthat unit tests failed
     In addition: Warning message:
     call dbDisconnect() when finished working with a connection
     Execution halted
Flavor: r-oldrel-osx-x86_64