CRAN Package Check Results for Package configural

Last updated on 2020-02-28 22:53:29 CET.

Flavor Version Tinstall Tcheck Ttotal Status Flags
r-devel-linux-x86_64-debian-clang 0.1.1 5.47 59.21 64.68 OK
r-devel-linux-x86_64-debian-gcc 0.1.1 5.31 43.27 48.58 OK
r-devel-linux-x86_64-fedora-clang 0.1.1 76.76 NOTE
r-devel-linux-x86_64-fedora-gcc 0.1.1 77.69 NOTE
r-devel-windows-ix86+x86_64 0.1.1 22.00 79.00 101.00 OK
r-devel-windows-ix86+x86_64-gcc8 0.1.1 16.00 73.00 89.00 OK
r-patched-linux-x86_64 0.1.1 5.68 51.43 57.11 OK
r-patched-solaris-x86 0.1.1 100.50 NOTE
r-release-linux-x86_64 0.1.1 4.57 51.00 55.57 OK
r-release-windows-ix86+x86_64 0.1.1 11.00 98.00 109.00 OK
r-release-osx-x86_64 0.1.1 NOTE
r-oldrel-windows-ix86+x86_64 0.1.1 8.00 74.00 82.00 OK
r-oldrel-osx-x86_64 0.1.1 NOTE

Check Details

Version: 0.1.1
Check: dependencies in R code
Result: NOTE
    Namespace in Imports field not imported from: ‘cli’
     All declared Imports should be used.
Flavors: r-devel-linux-x86_64-fedora-clang, r-devel-linux-x86_64-fedora-gcc, r-patched-solaris-x86, r-release-osx-x86_64, r-oldrel-osx-x86_64

Version: 0.1.1
Check: Rd cross-references
Result: NOTE
    Package unavailable to check Rd xrefs: ‘fungible’
Flavor: r-patched-solaris-x86