CRAN Package Check Results for Package condformat

Last updated on 2021-04-15 09:49:55 CEST.

Flavor Version Tinstall Tcheck Ttotal Status Flags
r-devel-linux-x86_64-debian-clang 0.9.0 4.38 56.46 60.84 NOTE
r-devel-linux-x86_64-debian-gcc 0.9.0 4.09 43.27 47.36 NOTE
r-devel-linux-x86_64-fedora-clang 0.9.0 82.53 NOTE
r-devel-linux-x86_64-fedora-gcc 0.9.0 72.31 NOTE
r-devel-windows-ix86+x86_64 0.9.0 12.00 78.00 90.00 NOTE
r-devel-windows-x86_64-gcc10-UCRT 0.9.0 NOTE
r-patched-linux-x86_64 0.9.0 5.19 54.57 59.76 OK
r-patched-solaris-x86 0.9.0 104.80 OK
r-release-linux-x86_64 0.9.0 4.78 54.17 58.95 OK
r-release-macos-x86_64 0.9.0 OK
r-release-windows-ix86+x86_64 0.9.0 32.00 79.00 111.00 OK
r-oldrel-macos-x86_64 0.9.0 OK
r-oldrel-windows-ix86+x86_64 0.9.0 6.00 58.00 64.00 OK

Check Details

Version: 0.9.0
Check: LazyData
Result: NOTE
     'LazyData' is specified without a 'data' directory
Flavors: r-devel-linux-x86_64-debian-clang, r-devel-linux-x86_64-debian-gcc, r-devel-linux-x86_64-fedora-clang, r-devel-linux-x86_64-fedora-gcc, r-devel-windows-ix86+x86_64, r-devel-windows-x86_64-gcc10-UCRT