CRAN Package Check Results for Package compareDF

Last updated on 2020-03-30 20:48:24 CEST.

Flavor Version Tinstall Tcheck Ttotal Status Flags
r-devel-linux-x86_64-debian-clang 2.0.2 3.98 42.98 46.96 OK
r-devel-linux-x86_64-debian-gcc 2.0.2 3.43 32.80 36.23 OK
r-devel-linux-x86_64-fedora-clang 2.0.2 57.76 NOTE
r-devel-linux-x86_64-fedora-gcc 2.0.2 54.49 NOTE
r-devel-windows-ix86+x86_64 2.0.1 14.00 56.00 70.00 OK
r-devel-windows-ix86+x86_64-gcc8 2.0.2 13.00 55.00 68.00 OK
r-patched-linux-x86_64 2.0.2 4.36 40.15 44.51 OK
r-patched-solaris-x86 2.0.2 82.60 NOTE
r-release-linux-x86_64 2.0.2 3.16 37.31 40.47 OK
r-release-windows-ix86+x86_64 2.0.2 8.00 49.00 57.00 OK
r-release-osx-x86_64 2.0.2 NOTE
r-oldrel-windows-ix86+x86_64 2.0.1 11.00 73.00 84.00 OK
r-oldrel-osx-x86_64 2.0.2 NOTE

Check Details

Version: 2.0.2
Check: dependencies in R code
Result: NOTE
    Namespaces in Imports field not imported from:
     ‘magrittr’ ‘stringr’
     All declared Imports should be used.
Flavors: r-devel-linux-x86_64-fedora-clang, r-devel-linux-x86_64-fedora-gcc, r-patched-solaris-x86, r-release-osx-x86_64, r-oldrel-osx-x86_64