CRAN Package Check Results for Package communication

Last updated on 2021-06-21 09:52:35 CEST.

Flavor Version Tinstall Tcheck Ttotal Status Flags
r-devel-linux-x86_64-debian-clang 0.1 68.12 54.48 122.60 OK
r-devel-linux-x86_64-debian-gcc 0.1 45.86 40.67 86.53 OK
r-devel-linux-x86_64-fedora-clang 0.1 175.87 NOTE
r-devel-linux-x86_64-fedora-gcc 0.1 163.60 NOTE
r-devel-windows-x86_64 0.1 79.00 77.00 156.00 OK
r-devel-windows-x86_64-gcc10-UCRT 0.1 NOTE
r-patched-linux-x86_64 0.1 54.63 51.47 106.10 OK
r-patched-solaris-x86 0.1 164.60 NOTE
r-release-linux-x86_64 0.1 46.53 50.68 97.21 OK
r-release-macos-arm64 0.1 NOTE
r-release-macos-x86_64 0.1 NOTE
r-release-windows-ix86+x86_64 0.1 153.00 103.00 256.00 OK
r-oldrel-macos-x86_64 0.1 NOTE

Check Details

Version: 0.1
Check: dependencies in R code
Result: NOTE
    Namespaces in Imports field not imported from:
     ‘GGally’ ‘RColorBrewer’ ‘abind’ ‘diagram’ ‘ggplot2’ ‘grid’ ‘gtable’
     ‘igraph’ ‘magrittr’ ‘plyr’ ‘purrr’ ‘reshape2’ ‘scales’ ‘useful’
     All declared Imports should be used.
Flavors: r-devel-linux-x86_64-fedora-clang, r-devel-linux-x86_64-fedora-gcc, r-devel-windows-x86_64-gcc10-UCRT, r-patched-solaris-x86, r-release-macos-arm64, r-release-macos-x86_64, r-oldrel-macos-x86_64

Version: 0.1
Check: package dependencies
Result: NOTE
    Package suggested but not available for checking: 'qpdf'
Flavor: r-devel-windows-x86_64-gcc10-UCRT

Version: 0.1
Check: installed package size
Result: NOTE
     installed size is 6.0Mb
     sub-directories of 1Mb or more:
     libs 5.5Mb
Flavors: r-release-macos-arm64, r-release-macos-x86_64, r-oldrel-macos-x86_64