CRAN Package Check Results for Package colourvision

Last updated on 2020-05-29 17:49:01 CEST.

Flavor Version Tinstall Tcheck Ttotal Status Flags
r-devel-linux-x86_64-debian-clang 2.0.2 10.56 113.87 124.43 OK
r-devel-linux-x86_64-debian-gcc 2.0.2 9.60 89.07 98.67 OK
r-devel-linux-x86_64-fedora-clang 2.0.2 151.09 OK
r-devel-linux-x86_64-fedora-gcc 2.0.2 151.40 OK
r-devel-windows-ix86+x86_64 2.0.2 33.00 168.00 201.00 OK
r-patched-linux-x86_64 2.0.2 10.46 115.13 125.59 OK
r-patched-solaris-x86 2.0.2 200.70 OK
r-release-linux-x86_64 2.0.2 10.87 113.91 124.78 OK
r-release-osx-x86_64 2.0.2 OK
r-release-windows-ix86+x86_64 2.0.2 22.00 170.00 192.00 OK
r-oldrel-osx-x86_64 2.0.2 WARN
r-oldrel-windows-ix86+x86_64 2.0.2 20.00 124.00 144.00 OK

Check Details

Version: 2.0.2
Check: whether package can be installed
Result: WARN
    Found the following significant warnings:
     Warning: 'rgl_init' failed, running with rgl.useNULL = TRUE
Flavor: r-oldrel-osx-x86_64