CRAN Package Check Results for Package colf

Last updated on 2021-06-16 09:53:18 CEST.

Flavor Version Tinstall Tcheck Ttotal Status Flags
r-devel-linux-x86_64-debian-clang 0.1.3 2.44 29.11 31.55 NOTE
r-devel-linux-x86_64-debian-gcc 0.1.3 1.67 22.95 24.62 NOTE
r-devel-linux-x86_64-fedora-clang 0.1.3 47.48 NOTE
r-devel-linux-x86_64-fedora-gcc 0.1.3 36.89 NOTE
r-devel-windows-x86_64 0.1.3 5.00 46.00 51.00 NOTE
r-devel-windows-x86_64-gcc10-UCRT 0.1.3 NOTE
r-patched-linux-x86_64 0.1.3 2.52 28.56 31.08 NOTE
r-patched-solaris-x86 0.1.3 57.20 NOTE
r-release-linux-x86_64 0.1.3 2.27 28.25 30.52 NOTE
r-release-macos-arm64 0.1.3 NOTE
r-release-macos-x86_64 0.1.3 NOTE
r-release-windows-ix86+x86_64 0.1.3 5.00 45.00 50.00 NOTE
r-oldrel-macos-x86_64 0.1.3 OK
r-oldrel-windows-ix86+x86_64 0.1.3 5.00 46.00 51.00 OK

Check Details

Version: 0.1.3
Check: LazyData
Result: NOTE
     'LazyData' is specified without a 'data' directory
Flavors: r-devel-linux-x86_64-debian-clang, r-devel-linux-x86_64-debian-gcc, r-devel-linux-x86_64-fedora-clang, r-devel-linux-x86_64-fedora-gcc, r-devel-windows-x86_64, r-devel-windows-x86_64-gcc10-UCRT, r-patched-linux-x86_64, r-patched-solaris-x86, r-release-linux-x86_64, r-release-macos-arm64, r-release-macos-x86_64, r-release-windows-ix86+x86_64