CRAN Package Check Results for Package codyn

Last updated on 2021-06-21 09:52:35 CEST.

Flavor Version Tinstall Tcheck Ttotal Status Flags
r-devel-linux-x86_64-debian-clang 2.0.5 10.52 178.47 188.99 OK
r-devel-linux-x86_64-debian-gcc 2.0.5 6.81 128.96 135.77 OK
r-devel-linux-x86_64-fedora-clang 2.0.5 222.09 OK
r-devel-linux-x86_64-fedora-gcc 2.0.5 216.31 OK
r-devel-windows-x86_64 2.0.5 13.00 200.00 213.00 OK
r-devel-windows-x86_64-gcc10-UCRT 2.0.5 NOTE
r-patched-linux-x86_64 2.0.5 10.66 167.18 177.84 OK
r-patched-solaris-x86 2.0.5 279.50 OK
r-release-linux-x86_64 2.0.5 8.24 168.59 176.83 OK
r-release-macos-arm64 2.0.5 OK
r-release-macos-x86_64 2.0.5 OK
r-release-windows-ix86+x86_64 2.0.5 20.00 206.00 226.00 OK
r-oldrel-macos-x86_64 2.0.5 OK

Check Details

Version: 2.0.5
Check: package dependencies
Result: NOTE
    Package suggested but not available for checking: 'devtools'
Flavor: r-devel-windows-x86_64-gcc10-UCRT