CRAN Package Check Results for Package codified

Last updated on 2020-03-30 20:48:24 CEST.

Flavor Version Tinstall Tcheck Ttotal Status Flags
r-devel-linux-x86_64-debian-clang 0.2.0 2.85 37.01 39.86 OK
r-devel-linux-x86_64-debian-gcc 0.2.0 2.37 28.86 31.23 OK
r-devel-linux-x86_64-fedora-clang 0.2.0 49.41 NOTE
r-devel-linux-x86_64-fedora-gcc 0.2.0 47.12 NOTE
r-devel-windows-ix86+x86_64 0.2.0 12.00 49.00 61.00 OK
r-devel-windows-ix86+x86_64-gcc8 0.2.0 10.00 54.00 64.00 OK
r-patched-linux-x86_64 0.2.0 2.50 35.35 37.85 OK
r-patched-solaris-x86 0.2.0 72.40 NOTE
r-release-linux-x86_64 0.2.0 2.17 32.78 34.95 OK
r-release-windows-ix86+x86_64 0.2.0 15.00 71.00 86.00 OK
r-release-osx-x86_64 0.2.0 NOTE
r-oldrel-windows-ix86+x86_64 0.2.0 10.00 73.00 83.00 OK
r-oldrel-osx-x86_64 0.2.0 NOTE

Check Details

Version: 0.2.0
Check: dependencies in R code
Result: NOTE
    Namespaces in Imports field not imported from:
     ‘methods’ ‘readr’
     All declared Imports should be used.
Flavors: r-devel-linux-x86_64-fedora-clang, r-devel-linux-x86_64-fedora-gcc, r-patched-solaris-x86, r-release-osx-x86_64, r-oldrel-osx-x86_64