CRAN Package Check Results for Package codalm

Last updated on 2021-06-15 09:52:42 CEST.

Flavor Version Tinstall Tcheck Ttotal Status Flags
r-devel-linux-x86_64-debian-clang 0.1.0 2.22 57.52 59.74 NOTE
r-devel-linux-x86_64-debian-gcc 0.1.0 1.94 42.50 44.44 NOTE
r-devel-linux-x86_64-fedora-clang 0.1.0 82.18 NOTE
r-devel-linux-x86_64-fedora-gcc 0.1.0 70.08 NOTE
r-devel-windows-x86_64 0.1.0 4.00 78.00 82.00 NOTE
r-devel-windows-x86_64-gcc10-UCRT 0.1.0 WARN
r-patched-linux-x86_64 0.1.0 2.55 55.09 57.64 NOTE
r-patched-solaris-x86 0.1.0 93.70 WARN
r-release-linux-x86_64 0.1.0 2.53 54.32 56.85 NOTE
r-release-macos-arm64 0.1.0 NOTE
r-release-macos-x86_64 0.1.0 NOTE
r-release-windows-ix86+x86_64 0.1.0 6.00 77.00 83.00 NOTE
r-oldrel-macos-x86_64 0.1.0 OK
r-oldrel-windows-ix86+x86_64 0.1.0 4.00 89.00 93.00 OK

Check Details

Version: 0.1.0
Check: LazyData
Result: NOTE
     'LazyData' is specified without a 'data' directory
Flavors: r-devel-linux-x86_64-debian-clang, r-devel-linux-x86_64-debian-gcc, r-devel-linux-x86_64-fedora-clang, r-devel-linux-x86_64-fedora-gcc, r-devel-windows-x86_64, r-devel-windows-x86_64-gcc10-UCRT, r-patched-linux-x86_64, r-patched-solaris-x86, r-release-linux-x86_64, r-release-macos-arm64, r-release-macos-x86_64, r-release-windows-ix86+x86_64

Version: 0.1.0
Check: re-building of vignette outputs
Result: WARN
    Error(s) in re-building vignettes:
     ...
    --- re-building 'codalm_quickstart.Rmd' using rmarkdown
    Quitting from lines 67-73 (codalm_quickstart.Rmd)
    Error: processing vignette 'codalm_quickstart.Rmd' failed with diagnostics:
    Initialization of plan() failed, because the test future used for validation failed. The reason was: Package 'future' is not installed on worker (r_version: R Under development (unstable) (2021-06-11 r80485); platform: x86_64-w64-mingw32 (64-bit); os: Windows Server x64 build 14393; hostname: FRODO)
    --- failed re-building 'codalm_quickstart.Rmd'
    
    SUMMARY: processing the following file failed:
     'codalm_quickstart.Rmd'
    
    Error: Vignette re-building failed.
    Execution halted
Flavor: r-devel-windows-x86_64-gcc10-UCRT

Version: 0.1.0
Check: re-building of vignette outputs
Result: WARN
    Error(s) in re-building vignettes:
     ...
    --- re-building ‘codalm_quickstart.Rmd’ using rmarkdown
    Quitting from lines 67-73 (codalm_quickstart.Rmd)
    Error: processing vignette 'codalm_quickstart.Rmd' failed with diagnostics:
    Initialization of plan() failed, because the test future used for validation failed. The reason was: Package 'future' is not installed on worker (r_version: 4.1.0 Patched (2021-06-14 r80501); platform: i386-pc-solaris2.10 (32-bit); os: SunOS 5.10 Generic_150401-49; hostname: swift-9.stats.ox.ac.uk)
    --- failed re-building ‘codalm_quickstart.Rmd’
    
    SUMMARY: processing the following file failed:
     ‘codalm_quickstart.Rmd’
    
    Error: Vignette re-building failed.
    Execution halted
Flavor: r-patched-solaris-x86