CRAN Package Check Results for Package cnum

Last updated on 2021-04-15 09:49:54 CEST.

Flavor Version Tinstall Tcheck Ttotal Status Flags
r-devel-linux-x86_64-debian-clang 0.1.3 46.17 29.89 76.06 NOTE
r-devel-linux-x86_64-debian-gcc 0.1.3 33.39 23.70 57.09 NOTE
r-devel-linux-x86_64-fedora-clang 0.1.3 104.14 NOTE
r-devel-linux-x86_64-fedora-gcc 0.1.3 97.49 NOTE
r-devel-windows-ix86+x86_64 0.1.3 101.00 78.00 179.00 NOTE
r-devel-windows-x86_64-gcc10-UCRT 0.1.3 NOTE
r-patched-linux-x86_64 0.1.3 38.35 28.83 67.18 OK
r-patched-solaris-x86 0.1.3 98.30 OK
r-release-linux-x86_64 0.1.3 38.00 29.12 67.12 OK
r-release-macos-x86_64 0.1.3 OK
r-release-windows-ix86+x86_64 0.1.3 88.00 76.00 164.00 OK
r-oldrel-macos-x86_64 0.1.3 OK
r-oldrel-windows-ix86+x86_64 0.1.3 93.00 50.00 143.00 OK

Check Details

Version: 0.1.3
Check: LazyData
Result: NOTE
     'LazyData' is specified without a 'data' directory
Flavors: r-devel-linux-x86_64-debian-clang, r-devel-linux-x86_64-debian-gcc, r-devel-linux-x86_64-fedora-clang, r-devel-linux-x86_64-fedora-gcc, r-devel-windows-ix86+x86_64, r-devel-windows-x86_64-gcc10-UCRT