CRAN Package Check Results for Package cna

Last updated on 2020-07-06 21:50:12 CEST.

Flavor Version Tinstall Tcheck Ttotal Status Flags
r-devel-linux-x86_64-debian-clang 2.2.3 89.68 96.62 186.30 OK
r-devel-linux-x86_64-debian-gcc 2.2.3 65.38 73.85 139.23 OK
r-devel-linux-x86_64-fedora-clang 2.2.3 253.46 NOTE
r-devel-linux-x86_64-fedora-gcc 2.2.3 232.83 OK
r-devel-windows-ix86+x86_64 2.2.3 232.00 201.00 433.00 OK
r-patched-linux-x86_64 2.2.3 68.61 95.96 164.57 OK
r-patched-solaris-x86 2.2.3 237.40 OK
r-release-linux-x86_64 2.2.3 68.04 96.57 164.61 OK
r-release-osx-x86_64 2.2.3 OK
r-release-windows-ix86+x86_64 2.2.3 167.00 154.00 321.00 OK
r-oldrel-osx-x86_64 2.2.3 OK
r-oldrel-windows-ix86+x86_64 2.2.3 160.00 192.00 352.00 OK

Check Details

Version: 2.2.3
Check: installed package size
Result: NOTE
     installed size is 5.3Mb
     sub-directories of 1Mb or more:
     libs 4.3Mb
Flavor: r-devel-linux-x86_64-fedora-clang