CRAN Package Check Results for Package clustvarsel

Last updated on 2021-04-15 09:49:54 CEST.

Flavor Version Tinstall Tcheck Ttotal Status Flags
r-devel-linux-x86_64-debian-clang 2.3.4 8.71 86.97 95.68 NOTE
r-devel-linux-x86_64-debian-gcc 2.3.4 7.99 66.41 74.40 NOTE
r-devel-linux-x86_64-fedora-clang 2.3.4 126.05 NOTE
r-devel-linux-x86_64-fedora-gcc 2.3.4 115.50 NOTE
r-devel-windows-ix86+x86_64 2.3.4 22.00 89.00 111.00 NOTE --no-vignettes
r-devel-windows-x86_64-gcc10-UCRT 2.3.4 NOTE
r-patched-linux-x86_64 2.3.4 9.36 81.07 90.43 OK
r-patched-solaris-x86 2.3.4 169.60 OK
r-release-linux-x86_64 2.3.4 11.22 81.07 92.29 OK
r-release-macos-x86_64 2.3.4 OK
r-oldrel-macos-x86_64 2.3.4 OK
r-oldrel-windows-ix86+x86_64 2.3.4 18.00 69.00 87.00 OK --no-vignettes

Check Details

Version: 2.3.4
Check: LazyData
Result: NOTE
     'LazyData' is specified without a 'data' directory
Flavors: r-devel-linux-x86_64-debian-clang, r-devel-linux-x86_64-debian-gcc, r-devel-linux-x86_64-fedora-clang, r-devel-linux-x86_64-fedora-gcc, r-devel-windows-x86_64-gcc10-UCRT

Version: 2.3.4
Flags: --no-vignettes
Check: LazyData
Result: NOTE
     'LazyData' is specified without a 'data' directory
Flavor: r-devel-windows-ix86+x86_64