CRAN Package Check Results for Package clusternomics

Last updated on 2020-03-30 20:48:23 CEST.

Flavor Version Tinstall Tcheck Ttotal Status Flags
r-devel-linux-x86_64-debian-clang 0.1.1 4.19 847.40 851.59 OK
r-devel-linux-x86_64-debian-gcc 0.1.1 3.32 607.77 611.09 OK
r-devel-linux-x86_64-fedora-clang 0.1.1 977.46 OK
r-devel-linux-x86_64-fedora-gcc 0.1.1 907.98 OK
r-devel-windows-ix86+x86_64 0.1.1 13.00 60.00 73.00 OK --no-examples --no-tests --no-vignettes
r-devel-windows-ix86+x86_64-gcc8 0.1.1 9.00 52.00 61.00 OK --no-examples --no-tests --no-vignettes
r-patched-linux-x86_64 0.1.1 3.87 839.52 843.39 ERROR
r-patched-solaris-x86 0.1.1 1015.10 OK
r-release-linux-x86_64 0.1.1 3.50 710.04 713.54 OK
r-release-windows-ix86+x86_64 0.1.1 12.00 50.00 62.00 OK --no-examples --no-tests --no-vignettes
r-release-osx-x86_64 0.1.1 OK
r-oldrel-windows-ix86+x86_64 0.1.1 7.00 68.00 75.00 OK --no-examples --no-tests --no-vignettes
r-oldrel-osx-x86_64 0.1.1 OK

Check Details

Version: 0.1.1
Check: tests
Result: ERROR
     Running ‘testthat.R’ [10m/11m]
    Running the tests in ‘tests/testthat.R’ failed.
    Complete output:
     > library(testthat)
     > library(clusternomics)
     >
     > test_check("clusternomics")
     Killed
Flavor: r-patched-linux-x86_64