CRAN Package Check Results for Package clustermole

Last updated on 2020-03-30 20:48:23 CEST.

Flavor Version Tinstall Tcheck Ttotal Status Flags
r-devel-linux-x86_64-debian-clang 1.0.1 34.11 306.70 340.81 OK
r-devel-linux-x86_64-debian-gcc 1.0.1 30.07 238.37 268.44 OK
r-devel-linux-x86_64-fedora-clang 1.0.1 405.94 OK
r-devel-linux-x86_64-fedora-gcc 1.0.1 399.99 OK
r-devel-windows-ix86+x86_64 1.0.1 6.00 6.00 12.00 ERROR
r-devel-windows-ix86+x86_64-gcc8 1.0.1 8.00 5.00 13.00 ERROR
r-patched-linux-x86_64 1.0.1 31.92 291.30 323.22 OK
r-patched-solaris-x86 1.0.1 620.20 OK
r-release-linux-x86_64 1.0.1 17.32 154.44 171.76 OK
r-release-windows-ix86+x86_64 1.0.1 66.00 239.00 305.00 OK
r-release-osx-x86_64 1.0.1 OK
r-oldrel-windows-ix86+x86_64 1.0.1 36.00 225.00 261.00 ERROR
r-oldrel-osx-x86_64 1.0.1 OK

Check Details

Version: 1.0.1
Check: whether package can be installed
Result: ERROR
    Installation failed.
Flavors: r-devel-windows-ix86+x86_64, r-devel-windows-ix86+x86_64-gcc8

Version: 1.0.1
Check: examples
Result: ERROR
    Running examples in 'clustermole-Ex.R' failed
    The error most likely occurred in:
    
    > ### Name: read_gmt
    > ### Title: Read a GMT file into a data frame
    > ### Aliases: read_gmt
    >
    > ### ** Examples
    >
    > gmt <- "http://software.broadinstitute.org/gsea/msigdb/supplemental/scsig.all.v1.0.symbols.gmt"
    > gmt_tbl <- read_gmt(gmt)
    Warning in file(con, "r") :
     InternetOpenUrl failed: 'Eine Umleitungsanforderung √§ndert eine nicht sichere in eine sichere Verbindung.'
    Error in file(con, "r") : cannot open the connection
    Calls: read_gmt -> strsplit -> readLines -> file
    Execution halted
Flavor: r-oldrel-windows-ix86+x86_64

Version: 1.0.1
Check: tests
Result: ERROR
     Running 'testthat.R' [23s]
    Running the tests in 'tests/testthat.R' failed.
    Complete output:
     > library(testthat)
     > library(clustermole)
     >
     > test_check("clustermole")
     -- 1. Error: read_gmt() output (@test-functions.R#103) ------------------------
     cannot open the connection
     Backtrace:
     1. clustermole::read_gmt(file = "http://software.broadinstitute.org/gsea/msigdb/supplemental/scsig.all.v1.0.symbols.gmt")
     3. base::readLines(file)
     4. base::file(con, "r")
    
     == testthat results ===========================================================
     [ OK: 27 | SKIPPED: 0 | WARNINGS: 1 | FAILED: 1 ]
     1. Error: read_gmt() output (@test-functions.R#103)
    
     Error: testthat unit tests failed
     Execution halted
Flavor: r-oldrel-windows-ix86+x86_64