CRAN Package Check Results for Package climatrends

Last updated on 2021-06-15 09:52:42 CEST.

Flavor Version Tinstall Tcheck Ttotal Status Flags
r-devel-linux-x86_64-debian-clang 0.1.7 4.51 36.66 41.17 OK
r-devel-linux-x86_64-debian-gcc 0.1.7 3.20 28.32 31.52 OK
r-devel-linux-x86_64-fedora-clang 0.1.7 57.24 OK
r-devel-linux-x86_64-fedora-gcc 0.1.7 47.68 OK
r-devel-windows-x86_64 0.1.7 6.00 53.00 59.00 OK
r-devel-windows-x86_64-gcc10-UCRT 0.1.7 NOTE
r-patched-linux-x86_64 0.1.7 3.99 35.80 39.79 OK
r-patched-solaris-x86 0.1.7 70.80 OK
r-release-linux-x86_64 0.1.7 2.94 35.55 38.49 OK
r-release-macos-arm64 0.1.7 NOTE
r-release-macos-x86_64 0.1.7 OK
r-release-windows-ix86+x86_64 0.1.7 7.00 53.00 60.00 OK
r-oldrel-macos-x86_64 0.1.7 OK
r-oldrel-windows-ix86+x86_64 0.1.7 8.00 59.00 67.00 OK

Check Details

Version: 0.1.7
Check: package dependencies
Result: NOTE
    Packages suggested but not available for checking: 'MODISTools', 'sf'
Flavors: r-devel-windows-x86_64-gcc10-UCRT, r-release-macos-arm64