CRAN Package Check Results for Package clifford

Last updated on 2021-04-15 09:49:54 CEST.

Flavor Version Tinstall Tcheck Ttotal Status Flags
r-devel-linux-x86_64-debian-clang 1.0-2 24.15 101.97 126.12 NOTE
r-devel-linux-x86_64-debian-gcc 1.0-2 16.49 77.15 93.64 NOTE
r-devel-linux-x86_64-fedora-clang 1.0-2 161.33 NOTE
r-devel-linux-x86_64-fedora-gcc 1.0-2 148.66 NOTE
r-devel-windows-ix86+x86_64 1.0-2 56.00 219.00 275.00 NOTE
r-devel-windows-x86_64-gcc10-UCRT 1.0-2 NOTE
r-patched-linux-x86_64 1.0-2 18.32 97.51 115.83 OK
r-patched-solaris-x86 1.0-2 182.70 OK
r-release-linux-x86_64 1.0-2 19.33 97.63 116.96 OK
r-release-macos-x86_64 1.0-2 OK
r-release-windows-ix86+x86_64 1.0-2 44.00 196.00 240.00 OK
r-oldrel-macos-x86_64 1.0-2 OK
r-oldrel-windows-ix86+x86_64 1.0-2 51.00 153.00 204.00 OK

Check Details

Version: 1.0-2
Check: LazyData
Result: NOTE
     'LazyData' is specified without a 'data' directory
Flavors: r-devel-linux-x86_64-debian-clang, r-devel-linux-x86_64-debian-gcc, r-devel-linux-x86_64-fedora-clang, r-devel-linux-x86_64-fedora-gcc, r-devel-windows-ix86+x86_64, r-devel-windows-x86_64-gcc10-UCRT