CRAN Package Check Results for Package cleanr

Last updated on 2021-06-24 09:52:24 CEST.

Flavor Version Tinstall Tcheck Ttotal Status Flags
r-devel-linux-x86_64-debian-clang 1.3.2 2.84 40.21 43.05 OK
r-devel-linux-x86_64-debian-gcc 1.3.2 2.02 30.85 32.87 OK
r-devel-linux-x86_64-fedora-clang 1.3.2 60.27 NOTE
r-devel-linux-x86_64-fedora-gcc 1.3.2 50.59 NOTE
r-devel-windows-x86_64 1.3.2 5.00 59.00 64.00 OK
r-devel-windows-x86_64-gcc10-UCRT 1.3.2 ERROR
r-patched-linux-x86_64 1.3.2 2.66 38.70 41.36 OK
r-patched-solaris-x86 1.3.2 62.90 NOTE
r-release-linux-x86_64 1.3.2 2.37 38.93 41.30 OK
r-release-macos-arm64 1.3.2 NOTE
r-release-macos-x86_64 1.3.2 NOTE
r-release-windows-ix86+x86_64 1.3.2 7.00 45.00 52.00 OK
r-oldrel-macos-x86_64 1.3.2 NOTE

Check Details

Version: 1.3.2
Check: dependencies in R code
Result: NOTE
    Namespace in Imports field not imported from: ‘fritools’
     All declared Imports should be used.
Flavors: r-devel-linux-x86_64-fedora-clang, r-devel-linux-x86_64-fedora-gcc, r-devel-windows-x86_64-gcc10-UCRT, r-patched-solaris-x86, r-release-macos-arm64, r-release-macos-x86_64, r-oldrel-macos-x86_64

Version: 1.3.2
Check: package dependencies
Result: WARN
    Skipping vignette re-building
    Packages suggested but not available for checking:
     'devtools', 'rasciidoc', 'usethis'
    
    VignetteBuilder package required for checking but not installed: 'rasciidoc'
Flavor: r-devel-windows-x86_64-gcc10-UCRT

Version: 1.3.2
Check: examples
Result: ERROR
    Running examples in 'cleanr-Ex.R' failed
    The error most likely occurred in:
    
    > ### Name: check_package
    > ### Title: Check a Package
    > ### Aliases: check_package
    >
    > ### ** Examples
    >
    > # create a fake package first:
    > package_path <- file.path(tempdir(), "fake")
    > usethis::create_package(package_path, fields = NULL,
    + rstudio = FALSE, open = FALSE)
    Error in loadNamespace(x) : there is no package called 'usethis'
    Calls: loadNamespace -> withRestarts -> withOneRestart -> doWithOneRestart
    Execution halted
Flavor: r-devel-windows-x86_64-gcc10-UCRT

Version: 1.3.2
Check: tests
Result: ERROR
     Running 'runit.R'
    Running the tests in 'tests/runit.R' failed.
    Last 13 lines of output:
     ---------------------------
     Test file: C:/msys64/home/tomas/ucrt3/svn/ucrt3/r_packages/pkgcheck/CRAN/cleanr/cleanr.Rcheck/cleanr/runit_tests/runit_throw.R
     test_exception: (1 checks) ... OK (0 seconds)
     ---------------------------
     Test file: C:/msys64/home/tomas/ucrt3/svn/ucrt3/r_packages/pkgcheck/CRAN/cleanr/cleanr.Rcheck/cleanr/runit_tests/runit_utils.R
     test_is_not_false: (10 checks) ... OK (0 seconds)
     ---------------------------
     Test file: C:/msys64/home/tomas/ucrt3/svn/ucrt3/r_packages/pkgcheck/CRAN/cleanr/cleanr.Rcheck/cleanr/runit_tests/runit_wrappers.R
     test_check_directory: (2 checks) ... OK (0.03 seconds)
     test_check_file: (3 checks) ... OK (0.03 seconds)
     test_check_file_layout: (2 checks) ... OK (0 seconds)
     test_check_function_layout: (2 checks) ... OK (0.02 seconds)
     test_check_functions_in_file: (2 checks) ... OK (0.01 seconds)
     Error: RUnit failed.
     Execution halted
Flavor: r-devel-windows-x86_64-gcc10-UCRT