CRAN Package Check Results for Package classifly

Last updated on 2021-04-15 09:49:54 CEST.

Flavor Version Tinstall Tcheck Ttotal Status Flags
r-devel-linux-x86_64-debian-clang 0.4 2.21 31.07 33.28 NOTE
r-devel-linux-x86_64-debian-gcc 0.4 1.75 23.97 25.72 NOTE
r-devel-linux-x86_64-fedora-clang 0.4 50.77 NOTE
r-devel-linux-x86_64-fedora-gcc 0.4 39.05 NOTE
r-devel-windows-ix86+x86_64 0.4 4.00 48.00 52.00 NOTE
r-devel-windows-x86_64-gcc10-UCRT 0.4 NOTE
r-patched-linux-x86_64 0.4 2.16 29.80 31.96 NOTE
r-patched-solaris-x86 0.4 59.80 NOTE
r-release-linux-x86_64 0.4 2.19 30.14 32.33 NOTE
r-release-macos-x86_64 0.4 NOTE
r-release-windows-ix86+x86_64 0.4 4.00 46.00 50.00 NOTE
r-oldrel-macos-x86_64 0.4 NOTE
r-oldrel-windows-ix86+x86_64 0.4 4.00 37.00 41.00 NOTE

Check Details

Version: 0.4
Check: package dependencies
Result: NOTE
    Package suggested but not available for checking: 'rggobi'
Flavors: r-devel-linux-x86_64-debian-clang, r-devel-linux-x86_64-debian-gcc, r-devel-linux-x86_64-fedora-clang, r-devel-linux-x86_64-fedora-gcc, r-devel-windows-x86_64-gcc10-UCRT, r-patched-linux-x86_64, r-patched-solaris-x86, r-release-linux-x86_64, r-release-macos-x86_64, r-oldrel-macos-x86_64

Version: 0.4
Check: dependencies in R code
Result: NOTE
    'library' or 'require' call to 'rggobi' in package code.
     Please use :: or requireNamespace() instead.
     See section 'Suggested packages' in the 'Writing R Extensions' manual.
Flavors: r-devel-linux-x86_64-debian-clang, r-devel-linux-x86_64-debian-gcc, r-devel-linux-x86_64-fedora-clang, r-devel-linux-x86_64-fedora-gcc, r-devel-windows-ix86+x86_64, r-devel-windows-x86_64-gcc10-UCRT, r-patched-linux-x86_64, r-patched-solaris-x86, r-release-linux-x86_64, r-release-macos-x86_64, r-release-windows-ix86+x86_64, r-oldrel-macos-x86_64, r-oldrel-windows-ix86+x86_64

Version: 0.4
Check: R code for possible problems
Result: NOTE
    generate_data : <anonymous>: no visible global function definition for
     'runif'
    knnf: no visible global function definition for 'terms'
    rescaler.default: no visible global function definition for 'sd'
    rescaler.default: no visible global function definition for 'median'
    rescaler.default: no visible global function definition for 'mad'
    simvar.numeric: no visible global function definition for 'runif'
    Undefined global functions or variables:
     mad median runif sd terms
    Consider adding
     importFrom("stats", "mad", "median", "runif", "sd", "terms")
    to your NAMESPACE file.
Flavors: r-devel-linux-x86_64-debian-clang, r-devel-linux-x86_64-debian-gcc, r-devel-linux-x86_64-fedora-clang, r-devel-linux-x86_64-fedora-gcc, r-devel-windows-ix86+x86_64, r-devel-windows-x86_64-gcc10-UCRT, r-patched-linux-x86_64, r-patched-solaris-x86, r-release-linux-x86_64, r-release-macos-x86_64, r-release-windows-ix86+x86_64, r-oldrel-macos-x86_64, r-oldrel-windows-ix86+x86_64

Version: 0.4
Check: Rd cross-references
Result: NOTE
    Undeclared package ‘reshape’ in Rd xrefs
Flavor: r-devel-linux-x86_64-fedora-clang