CRAN Package Check Results for Package chromer

Last updated on 2020-02-28 22:53:28 CET.

Flavor Version Tinstall Tcheck Ttotal Status Flags
r-devel-linux-x86_64-debian-clang 0.1 4.14 34.24 38.38 NOTE
r-devel-linux-x86_64-debian-gcc 0.1 3.21 26.74 29.95 NOTE
r-devel-linux-x86_64-fedora-clang 0.1 45.70 NOTE
r-devel-linux-x86_64-fedora-gcc 0.1 47.57 NOTE
r-devel-windows-ix86+x86_64 0.1 16.00 97.00 113.00 NOTE
r-devel-windows-ix86+x86_64-gcc8 0.1 10.00 47.00 57.00 NOTE
r-patched-linux-x86_64 0.1 3.37 31.15 34.52 NOTE
r-patched-solaris-x86 0.1 67.00 NOTE
r-release-linux-x86_64 0.1 3.34 31.04 34.38 NOTE
r-release-windows-ix86+x86_64 0.1 8.00 63.00 71.00 NOTE
r-release-osx-x86_64 0.1 NOTE
r-oldrel-windows-ix86+x86_64 0.1 4.00 44.00 48.00 NOTE
r-oldrel-osx-x86_64 0.1 NOTE

Check Details

Version: 0.1
Check: DESCRIPTION meta-information
Result: NOTE
    Malformed Description field: should contain one or more complete sentences.
Flavors: r-devel-linux-x86_64-debian-clang, r-devel-linux-x86_64-debian-gcc, r-devel-linux-x86_64-fedora-clang, r-devel-linux-x86_64-fedora-gcc, r-devel-windows-ix86+x86_64, r-devel-windows-ix86+x86_64-gcc8, r-patched-linux-x86_64, r-patched-solaris-x86, r-release-linux-x86_64, r-release-windows-ix86+x86_64, r-release-osx-x86_64, r-oldrel-windows-ix86+x86_64, r-oldrel-osx-x86_64

Version: 0.1
Check: R code for possible problems
Result: NOTE
    parse_counts: no visible global function definition for 'na.omit'
    Undefined global functions or variables:
     na.omit
    Consider adding
     importFrom("stats", "na.omit")
    to your NAMESPACE file.
Flavors: r-devel-linux-x86_64-debian-clang, r-devel-linux-x86_64-debian-gcc, r-devel-linux-x86_64-fedora-clang, r-devel-linux-x86_64-fedora-gcc, r-devel-windows-ix86+x86_64, r-devel-windows-ix86+x86_64-gcc8, r-patched-linux-x86_64, r-patched-solaris-x86, r-release-linux-x86_64, r-release-windows-ix86+x86_64, r-release-osx-x86_64, r-oldrel-windows-ix86+x86_64, r-oldrel-osx-x86_64